CRAN Package Check Results for Package TreeSearch

Last updated on 2021-09-26 00:48:58 CEST.

Flavor Version Tinstall Tcheck Ttotal Status Flags
r-devel-linux-x86_64-debian-clang 1.0.0 49.56 289.77 339.33 OK
r-devel-linux-x86_64-debian-gcc 1.0.0 31.41 217.23 248.64 OK
r-devel-linux-x86_64-fedora-clang 1.0.0 433.12 NOTE
r-devel-linux-x86_64-fedora-gcc 1.0.0 422.34 NOTE
r-devel-windows-x86_64 1.0.0 69.00 334.00 403.00 OK
r-devel-windows-x86_64-gcc10-UCRT 1.0.0 NOTE
r-patched-linux-x86_64 1.0.0 45.10 276.97 322.07 OK
r-patched-solaris-x86 1.0.0 391.50 NOTE
r-release-linux-x86_64 0.4.3 15.58 228.84 244.42 OK
r-release-macos-arm64 0.4.3 OK
r-release-macos-x86_64 1.0.0 NOTE
r-release-windows-ix86+x86_64 1.0.0 84.00 345.00 429.00 OK
r-oldrel-macos-x86_64 1.0.0 NOTE
r-oldrel-windows-ix86+x86_64 0.4.3 33.00 268.00 301.00 OK

Additional issues

gcc-ASAN

Check Details

Version: 1.0.0
Check: dependencies in R code
Result: NOTE
    Namespaces in Imports field not imported from:
     ‘Rcpp’ ‘Rogue’
     All declared Imports should be used.
Flavors: r-devel-linux-x86_64-fedora-clang, r-devel-linux-x86_64-fedora-gcc, r-devel-windows-x86_64-gcc10-UCRT, r-patched-solaris-x86, r-release-macos-x86_64, r-oldrel-macos-x86_64