Last updated on 2024-08-13 17:48:28 CEST.
Flavor | Version | Tinstall | Tcheck | Ttotal | Status | Flags |
---|---|---|---|---|---|---|
r-devel-linux-x86_64-debian-clang | 1.3-42 | 10.96 | 88.70 | 99.66 | NOTE | |
r-devel-linux-x86_64-debian-gcc | 1.3-42 | 8.14 | 62.35 | 70.49 | NOTE | |
r-devel-linux-x86_64-fedora-clang | 1.3-42 | 158.30 | NOTE | |||
r-devel-linux-x86_64-fedora-gcc | 1.3-42 | 147.49 | OK | |||
r-devel-windows-x86_64 | 1.3-42 | 11.00 | 109.00 | 120.00 | NOTE | |
r-patched-linux-x86_64 | 1.3-42 | 17.91 | 84.88 | 102.79 | OK | |
r-release-linux-x86_64 | 1.3-42 | 10.09 | 84.83 | 94.92 | OK | |
r-release-macos-arm64 | 1.3-42 | 45.00 | OK | |||
r-release-macos-x86_64 | 1.3-42 | 82.00 | OK | |||
r-release-windows-x86_64 | 1.3-42 | 13.00 | 104.00 | 117.00 | OK | |
r-oldrel-macos-arm64 | 1.3-42 | 52.00 | OK | |||
r-oldrel-macos-x86_64 | 1.3-42 | 119.00 | OK | |||
r-oldrel-windows-x86_64 | 1.3-42 | 15.00 | 126.00 | 141.00 | OK |
Version: 1.3-42
Check: Rd cross-references
Result: NOTE
Found the following Rd file(s) with Rd \link{} targets missing package
anchors:
xtable.TukeyC.Rd: xtable
Please provide package anchors for all Rd \link{} targets not in the
package itself and the base packages.
Flavors: r-devel-linux-x86_64-debian-clang, r-devel-linux-x86_64-debian-gcc, r-devel-windows-x86_64
Version: 1.3-42
Check: Rd cross-references
Result: NOTE
Undeclared packages ‘multcomp’, ‘agricolae’ in Rd xrefs
Flavor: r-devel-linux-x86_64-fedora-clang