Last updated on 2024-07-18 00:55:09 CEST.
Flavor | Version | Tinstall | Tcheck | Ttotal | Status | Flags |
---|---|---|---|---|---|---|
r-devel-linux-x86_64-debian-clang | 0.1.0 | 12.73 | 114.82 | 127.55 | OK | |
r-devel-linux-x86_64-debian-gcc | 0.1.0 | 10.67 | 86.43 | 97.10 | OK | |
r-devel-linux-x86_64-fedora-clang | 0.1.0 | 163.32 | NOTE | |||
r-devel-linux-x86_64-fedora-gcc | 0.1.0 | 163.28 | NOTE | |||
r-devel-windows-x86_64 | 0.1.0 | 12.00 | 96.00 | 108.00 | OK | |
r-patched-linux-x86_64 | 0.1.0 | 12.37 | 107.53 | 119.90 | OK | |
r-release-linux-x86_64 | 0.1.0 | 12.59 | 110.44 | 123.03 | OK | |
r-release-macos-arm64 | 0.1.0 | 48.00 | OK | |||
r-release-macos-x86_64 | 0.1.0 | 76.00 | OK | |||
r-release-windows-x86_64 | 0.1.0 | 12.00 | 95.00 | 107.00 | OK | |
r-oldrel-macos-arm64 | 0.1.0 | 54.00 | OK | |||
r-oldrel-macos-x86_64 | 0.1.0 | 88.00 | OK | |||
r-oldrel-windows-x86_64 | 0.1.0 | 14.00 | 115.00 | 129.00 | OK |
Version: 0.1.0
Check: data for non-ASCII characters
Result: NOTE
Note: found 34 marked Latin-1 strings
Flavors: r-devel-linux-x86_64-fedora-clang, r-devel-linux-x86_64-fedora-gcc