CRAN Package Check Results for Package UCSCXenaShiny

Last updated on 2021-09-26 00:48:58 CEST.

Flavor Version Tinstall Tcheck Ttotal Status Flags
r-devel-linux-x86_64-debian-clang 1.1.1 12.88 104.94 117.82 OK
r-devel-linux-x86_64-debian-gcc 1.1.1 10.25 78.01 88.26 OK
r-devel-linux-x86_64-fedora-clang 1.1.1 149.56 NOTE
r-devel-linux-x86_64-fedora-gcc 1.1.1 139.85 OK
r-devel-windows-x86_64 1.1.1 17.00 102.00 119.00 NOTE
r-devel-windows-x86_64-gcc10-UCRT 1.1.1 OK
r-patched-linux-x86_64 1.1.1 12.66 96.96 109.62 OK
r-patched-solaris-x86 1.1.1 200.00 NOTE
r-release-linux-x86_64 1.1.1 12.45 97.47 109.92 OK
r-release-macos-arm64 1.1.1 NOTE
r-release-macos-x86_64 1.1.1 NOTE
r-release-windows-ix86+x86_64 1.1.1 30.00 133.00 163.00 NOTE
r-oldrel-macos-x86_64 1.1.1 NOTE
r-oldrel-windows-ix86+x86_64 1.1.1 25.00 98.00 123.00 NOTE

Check Details

Version: 1.1.1
Check: installed package size
Result: NOTE
     installed size is 6.9Mb
     sub-directories of 1Mb or more:
     doc 1.6Mb
     shinyapp 3.4Mb
Flavors: r-devel-linux-x86_64-fedora-clang, r-devel-windows-x86_64, r-patched-solaris-x86, r-release-macos-arm64, r-release-macos-x86_64, r-release-windows-ix86+x86_64, r-oldrel-macos-x86_64, r-oldrel-windows-ix86+x86_64