CRAN Package Check Results for Package UCSCXenaTools

Last updated on 2021-09-26 00:48:58 CEST.

Flavor Version Tinstall Tcheck Ttotal Status Flags
r-devel-linux-x86_64-debian-clang 1.4.7 7.75 69.54 77.29 OK
r-devel-linux-x86_64-debian-gcc 1.4.7 5.85 50.74 56.59 OK
r-devel-linux-x86_64-fedora-clang 1.4.7 100.05 NOTE
r-devel-linux-x86_64-fedora-gcc 1.4.7 85.93 NOTE
r-devel-windows-x86_64 1.4.7 11.00 80.00 91.00 OK
r-devel-windows-x86_64-gcc10-UCRT 1.4.7 NOTE
r-patched-linux-x86_64 1.4.7 6.78 63.40 70.18 OK
r-patched-solaris-x86 1.4.7 113.00 NOTE
r-release-linux-x86_64 1.4.7 6.16 63.69 69.85 OK
r-release-macos-arm64 1.4.7 NOTE
r-release-macos-x86_64 1.4.7 NOTE
r-release-windows-ix86+x86_64 1.4.7 18.00 105.00 123.00 OK
r-oldrel-macos-x86_64 1.4.7 NOTE
r-oldrel-windows-ix86+x86_64 1.4.7 19.00 89.00 108.00 OK

Check Details

Version: 1.4.7
Check: data for non-ASCII characters
Result: NOTE
     Note: found 2 marked UTF-8 strings
Flavors: r-devel-linux-x86_64-fedora-clang, r-devel-linux-x86_64-fedora-gcc, r-devel-windows-x86_64-gcc10-UCRT, r-patched-solaris-x86, r-release-macos-arm64, r-release-macos-x86_64, r-oldrel-macos-x86_64