CRAN Package Check Results for Package UCSCXenaTools

Last updated on 2023-02-04 01:54:37 CET.

Flavor Version Tinstall Tcheck Ttotal Status Flags
r-devel-linux-x86_64-debian-clang 1.4.8 8.18 81.15 89.33 OK
r-devel-linux-x86_64-debian-gcc 1.4.8 7.03 60.53 67.56 OK
r-devel-linux-x86_64-fedora-clang 1.4.8 108.05 NOTE
r-devel-linux-x86_64-fedora-gcc 1.4.8 113.23 NOTE
r-devel-windows-x86_64 1.4.8 75.00 128.00 203.00 OK
r-patched-linux-x86_64 1.4.8 8.73 76.27 85.00 OK
r-release-linux-x86_64 1.4.8 5.76 77.27 83.03 OK
r-release-macos-arm64 1.4.8 51.00 NOTE
r-release-macos-x86_64 1.4.8 71.00 NOTE
r-release-windows-x86_64 1.4.8 79.00 125.00 204.00 OK
r-oldrel-macos-arm64 1.4.8 50.00 NOTE
r-oldrel-macos-x86_64 1.4.8 69.00 NOTE
r-oldrel-windows-ix86+x86_64 1.4.8 21.00 119.00 140.00 OK

Check Details

Version: 1.4.8
Check: data for non-ASCII characters
Result: NOTE
     Note: found 2 marked UTF-8 strings
Flavors: r-devel-linux-x86_64-fedora-clang, r-devel-linux-x86_64-fedora-gcc, r-release-macos-arm64, r-release-macos-x86_64, r-oldrel-macos-arm64, r-oldrel-macos-x86_64