Last updated on 2024-04-18 16:50:13 CEST.
Flavor | Version | Tinstall | Tcheck | Ttotal | Status | Flags |
---|---|---|---|---|---|---|
r-devel-linux-x86_64-debian-clang | 1.4.8 | 10.02 | 73.67 | 83.69 | OK | |
r-devel-linux-x86_64-debian-gcc | 1.4.8 | 6.84 | 53.75 | 60.59 | OK | |
r-devel-linux-x86_64-fedora-clang | 1.4.8 | 104.57 | NOTE | |||
r-devel-linux-x86_64-fedora-gcc | 1.4.8 | 108.93 | NOTE | |||
r-prerel-macos-arm64 | 1.4.8 | 52.00 | OK | |||
r-prerel-windows-x86_64 | 1.4.8 | 9.00 | 85.00 | 94.00 | OK | |
r-patched-linux-x86_64 | 1.4.8 | 7.59 | 69.64 | 77.23 | OK | |
r-release-linux-x86_64 | 1.4.8 | 5.23 | 68.29 | 73.52 | OK | |
r-release-macos-arm64 | 1.4.8 | 68.00 | OK | |||
r-release-macos-x86_64 | 1.4.8 | 90.00 | OK | |||
r-release-windows-x86_64 | 1.4.8 | 11.00 | 104.00 | 115.00 | OK | |
r-oldrel-macos-arm64 | 1.4.8 | 51.00 | NOTE | |||
r-oldrel-windows-x86_64 | 1.4.8 | 12.00 | 105.00 | 117.00 | OK |
Version: 1.4.8
Check: data for non-ASCII characters
Result: NOTE
Note: found 2 marked UTF-8 strings
Flavors: r-devel-linux-x86_64-fedora-clang, r-devel-linux-x86_64-fedora-gcc, r-oldrel-macos-arm64