Last updated on 2024-03-28 23:55:23 CET.
Flavor | Version | Tinstall | Tcheck | Ttotal | Status | Flags |
---|---|---|---|---|---|---|
r-devel-linux-x86_64-debian-clang | 0.0-3 | 58.05 | 77.59 | 135.64 | NOTE | |
r-devel-linux-x86_64-debian-gcc | 0.0-3 | 43.18 | 59.81 | 102.99 | NOTE | |
r-devel-linux-x86_64-fedora-clang | 0.0-3 | 187.50 | NOTE | |||
r-devel-linux-x86_64-fedora-gcc | 0.0-3 | 187.24 | NOTE | |||
r-devel-windows-x86_64 | 0.0-3 | 45.00 | 93.00 | 138.00 | NOTE | |
r-patched-linux-x86_64 | 0.0-3 | 57.94 | 75.58 | 133.52 | NOTE | |
r-release-linux-x86_64 | 0.0-3 | 58.86 | 79.10 | 137.96 | NOTE | |
r-release-macos-arm64 | 0.0-3 | 59.00 | NOTE | |||
r-release-macos-x86_64 | 0.0-3 | 87.00 | NOTE | |||
r-release-windows-x86_64 | 0.0-3 | 55.00 | 113.00 | 168.00 | NOTE | |
r-oldrel-macos-arm64 | 0.0-3 | 52.00 | NOTE | |||
r-oldrel-windows-x86_64 | 0.0-3 | 52.00 | 109.00 | 161.00 | OK |
Version: 0.0-3
Check: C++ specification
Result: NOTE
Specified C++11: please drop specification unless essential
Flavors: r-devel-linux-x86_64-debian-clang, r-devel-linux-x86_64-debian-gcc, r-devel-linux-x86_64-fedora-clang, r-devel-linux-x86_64-fedora-gcc, r-devel-windows-x86_64, r-patched-linux-x86_64, r-release-linux-x86_64, r-release-macos-arm64, r-release-macos-x86_64, r-release-windows-x86_64
Version: 0.0-3
Check: installed package size
Result: NOTE
installed size is 5.3Mb
sub-directories of 1Mb or more:
libs 5.1Mb
Flavors: r-release-macos-arm64, r-oldrel-macos-arm64