Last updated on 2023-09-29 00:57:04 CEST.
Flavor | Version | Tinstall | Tcheck | Ttotal | Status | Flags |
---|---|---|---|---|---|---|
r-devel-linux-x86_64-debian-clang | 1.0.1 | 9.12 | 22.25 | 31.37 | NOTE | |
r-devel-linux-x86_64-debian-gcc | 1.0.1 | 8.00 | 18.05 | 26.05 | NOTE | |
r-devel-linux-x86_64-fedora-clang | 1.0.1 | 41.69 | NOTE | |||
r-devel-linux-x86_64-fedora-gcc | 1.0.1 | 42.78 | NOTE | |||
r-devel-windows-x86_64 | 1.0.1 | 10.00 | 38.00 | 48.00 | NOTE | |
r-patched-linux-x86_64 | 1.0.1 | 8.88 | 22.19 | 31.07 | NOTE | |
r-release-linux-x86_64 | 1.0.1 | 9.10 | 22.12 | 31.22 | NOTE | |
r-release-macos-arm64 | 1.0.1 | 23.00 | NOTE | |||
r-release-macos-x86_64 | 1.0.1 | 30.00 | NOTE | |||
r-release-windows-x86_64 | 1.0.1 | 11.00 | 40.00 | 51.00 | NOTE | |
r-oldrel-macos-arm64 | 1.0.1 | 23.00 | NOTE | |||
r-oldrel-macos-x86_64 | 1.0.1 | 30.00 | NOTE | |||
r-oldrel-windows-x86_64 | 1.0.1 | 13.00 | 44.00 | 57.00 | NOTE |
Version: 1.0.1
Check: package dependencies
Result: NOTE
Package suggested but not available for checking: ‘USA.state.boundaries.data’
Flavors: r-devel-linux-x86_64-debian-clang, r-devel-linux-x86_64-debian-gcc, r-devel-linux-x86_64-fedora-clang, r-devel-linux-x86_64-fedora-gcc, r-devel-windows-x86_64, r-patched-linux-x86_64, r-release-linux-x86_64, r-release-macos-arm64, r-release-macos-x86_64, r-release-windows-x86_64, r-oldrel-macos-arm64, r-oldrel-macos-x86_64, r-oldrel-windows-x86_64
Version: 1.0.1
Check: installed package size
Result: NOTE
installed size is 6.2Mb
sub-directories of 1Mb or more:
data 6.1Mb
Flavors: r-devel-linux-x86_64-fedora-clang, r-devel-windows-x86_64, r-release-macos-arm64, r-release-macos-x86_64, r-release-windows-x86_64, r-oldrel-macos-arm64, r-oldrel-macos-x86_64, r-oldrel-windows-x86_64