CRAN Package Check Results for Package USAboundaries

Last updated on 2022-08-10 20:54:59 CEST.

Flavor Version Tinstall Tcheck Ttotal Status Flags
r-devel-linux-x86_64-debian-clang 0.4.0 2.68 31.40 34.08 NOTE
r-devel-linux-x86_64-debian-gcc 0.4.0 1.67 24.27 25.94 NOTE
r-devel-linux-x86_64-fedora-clang 0.4.0 54.40 NOTE
r-devel-linux-x86_64-fedora-gcc 0.4.0 50.91 NOTE
r-devel-windows-x86_64 0.4.0 50.00 60.00 110.00 NOTE
r-patched-linux-x86_64 0.4.0 2.06 29.96 32.02 NOTE
r-release-linux-x86_64 0.4.0 NOTE
r-release-macos-arm64 0.4.0 22.00 NOTE
r-release-macos-x86_64 0.4.0 26.00 NOTE
r-release-windows-x86_64 0.4.0 62.00 58.00 120.00 NOTE
r-oldrel-macos-arm64 0.4.0 25.00 NOTE
r-oldrel-macos-x86_64 0.4.0 25.00 NOTE
r-oldrel-windows-ix86+x86_64 0.4.0 6.00 52.00 58.00 NOTE

Check Details

Version: 0.4.0
Check: package dependencies
Result: NOTE
    Package suggested but not available for checking: 'USAboundariesData'
Flavors: r-devel-linux-x86_64-debian-clang, r-devel-linux-x86_64-debian-gcc, r-devel-linux-x86_64-fedora-clang, r-devel-linux-x86_64-fedora-gcc, r-devel-windows-x86_64, r-patched-linux-x86_64, r-release-linux-x86_64, r-release-macos-arm64, r-release-macos-x86_64, r-release-windows-x86_64, r-oldrel-macos-arm64, r-oldrel-macos-x86_64, r-oldrel-windows-ix86+x86_64