CRAN Package Check Results for Package USgas

Last updated on 2023-06-02 16:57:20 CEST.

Flavor Version Tinstall Tcheck Ttotal Status Flags
r-devel-linux-x86_64-debian-clang 0.1.2 3.51 29.49 33.00 OK
r-devel-linux-x86_64-debian-gcc 0.1.2 2.86 23.38 26.24 OK
r-devel-linux-x86_64-fedora-clang 0.1.2 41.19 NOTE
r-devel-linux-x86_64-fedora-gcc 0.1.2 57.22 OK
r-devel-windows-x86_64 0.1.2 6.00 48.00 54.00 NOTE
r-patched-linux-x86_64 0.1.2 OK
r-release-linux-x86_64 0.1.2 3.28 28.70 31.98 OK
r-release-macos-arm64 0.1.2 36.00 NOTE
r-release-macos-x86_64 0.1.2 56.00 NOTE
r-release-windows-x86_64 0.1.2 4.00 50.00 54.00 NOTE
r-oldrel-macos-arm64 0.1.2 23.00 NOTE
r-oldrel-macos-x86_64 0.1.2 26.00 NOTE
r-oldrel-windows-x86_64 0.1.2 8.00 54.00 62.00 NOTE

Check Details

Version: 0.1.2
Check: installed package size
Result: NOTE
     installed size is 5.3Mb
     sub-directories of 1Mb or more:
     doc 3.8Mb
Flavors: r-devel-linux-x86_64-fedora-clang, r-devel-windows-x86_64, r-release-macos-arm64, r-release-macos-x86_64, r-release-windows-x86_64, r-oldrel-macos-arm64, r-oldrel-macos-x86_64, r-oldrel-windows-x86_64