CRAN Package Check Results for Package USgrid

Last updated on 2024-02-23 16:53:34 CET.

Flavor Version Tinstall Tcheck Ttotal Status Flags
r-devel-linux-x86_64-debian-clang 0.1.2 OK
r-devel-linux-x86_64-debian-gcc 0.1.2 3.37 25.31 28.68 OK
r-devel-linux-x86_64-fedora-clang 0.1.2 47.64 NOTE
r-devel-linux-x86_64-fedora-gcc 0.1.2 42.07 NOTE
r-devel-windows-x86_64 0.1.2 5.00 51.00 56.00 OK
r-patched-linux-x86_64 0.1.2 3.64 30.80 34.44 OK
r-release-linux-x86_64 0.1.2 3.72 31.89 35.61 OK
r-release-macos-arm64 0.1.2 21.00 OK
r-release-macos-x86_64 0.1.2 27.00 OK
r-release-windows-x86_64 0.1.2 7.00 55.00 62.00 OK
r-oldrel-macos-arm64 0.1.2 20.00 NOTE
r-oldrel-windows-x86_64 0.1.2 7.00 59.00 66.00 OK

Check Details

Version: 0.1.2
Check: dependencies in R code
Result: NOTE Namespace in Imports field not imported from: ‘tsibble’ All declared Imports should be used. Flavors: r-devel-linux-x86_64-fedora-clang, r-devel-linux-x86_64-fedora-gcc, r-oldrel-macos-arm64