Last updated on 2024-04-23 08:58:20 CEST.
Flavor | Version | Tinstall | Tcheck | Ttotal | Status | Flags |
---|---|---|---|---|---|---|
r-devel-linux-x86_64-debian-clang | 0.2.0 | 23.41 | 40.97 | 64.38 | OK | |
r-devel-linux-x86_64-debian-gcc | 0.2.0 | 22.65 | 32.93 | 55.58 | OK | |
r-devel-linux-x86_64-fedora-clang | 0.2.0 | 88.83 | NOTE | |||
r-devel-linux-x86_64-fedora-gcc | 0.2.0 | 89.23 | NOTE | |||
r-prerel-macos-arm64 | 0.2.0 | 38.00 | NOTE | |||
r-prerel-windows-x86_64 | 0.2.0 | 24.00 | 65.00 | 89.00 | NOTE | |
r-patched-linux-x86_64 | 0.2.0 | 26.44 | 40.02 | 66.46 | OK | |
r-release-linux-x86_64 | 0.2.0 | 24.75 | 40.07 | 64.82 | OK | |
r-release-macos-arm64 | 0.2.0 | 40.00 | NOTE | |||
r-release-macos-x86_64 | 0.2.0 | 101.00 | NOTE | |||
r-release-windows-x86_64 | 0.2.0 | 20.00 | 71.00 | 91.00 | NOTE | |
r-oldrel-macos-arm64 | 0.2.0 | 47.00 | NOTE | |||
r-oldrel-windows-x86_64 | 0.2.0 | 30.00 | 69.00 | 99.00 | NOTE |
Version: 0.2.0
Check: installed package size
Result: NOTE
installed size is 7.0Mb
sub-directories of 1Mb or more:
data 6.9Mb
Flavors: r-devel-linux-x86_64-fedora-clang, r-prerel-macos-arm64, r-prerel-windows-x86_64, r-release-macos-arm64, r-release-macos-x86_64, r-release-windows-x86_64, r-oldrel-macos-arm64, r-oldrel-windows-x86_64
Version: 0.2.0
Check: data for non-ASCII characters
Result: NOTE
Note: found 50 marked UTF-8 strings
Flavors: r-devel-linux-x86_64-fedora-clang, r-devel-linux-x86_64-fedora-gcc