CRAN Package Check Results for Package VALERIE

Last updated on 2022-08-17 12:55:30 CEST.

Flavor Version Tinstall Tcheck Ttotal Status Flags
r-devel-linux-x86_64-debian-clang 1.1.0 42.33 397.73 440.06 OK
r-devel-linux-x86_64-debian-gcc 1.1.0 OK
r-devel-linux-x86_64-fedora-clang 1.1.0 546.02 NOTE
r-devel-linux-x86_64-fedora-gcc 1.1.0 530.22 OK
r-devel-windows-x86_64 1.1.0 370.00 398.00 768.00 NOTE
r-patched-linux-x86_64 1.1.0 39.59 365.16 404.75 OK
r-release-linux-x86_64 1.1.0 42.66 374.12 416.78 OK
r-release-macos-arm64 1.1.0 133.00 NOTE
r-release-macos-x86_64 1.1.0 228.00 NOTE
r-release-windows-x86_64 1.1.0 364.00 398.00 762.00 NOTE
r-oldrel-macos-arm64 1.1.0 199.00 NOTE
r-oldrel-macos-x86_64 1.1.0 272.00 NOTE
r-oldrel-windows-ix86+x86_64 1.1.0 87.00 391.00 478.00 NOTE

Check Details

Version: 1.1.0
Check: installed package size
Result: NOTE
     installed size is 9.5Mb
     sub-directories of 1Mb or more:
     extdata 8.7Mb
Flavors: r-devel-linux-x86_64-fedora-clang, r-devel-windows-x86_64, r-release-macos-arm64, r-release-macos-x86_64, r-release-windows-x86_64, r-oldrel-macos-arm64, r-oldrel-macos-x86_64, r-oldrel-windows-ix86+x86_64