Last updated on 2024-04-24 00:56:02 CEST.
Flavor | Version | Tinstall | Tcheck | Ttotal | Status | Flags |
---|---|---|---|---|---|---|
r-devel-linux-x86_64-debian-clang | 0.1.6 | 59.55 | 93.01 | 152.56 | NOTE | |
r-devel-linux-x86_64-debian-gcc | 0.1.6 | 44.39 | 67.94 | 112.33 | NOTE | |
r-devel-linux-x86_64-fedora-clang | 0.1.6 | 196.69 | NOTE | |||
r-devel-linux-x86_64-fedora-gcc | 0.1.6 | 191.40 | NOTE | |||
r-prerel-macos-arm64 | 0.1.6 | 50.00 | NOTE | |||
r-prerel-windows-x86_64 | 0.1.6 | 44.00 | 257.00 | 301.00 | NOTE | |
r-patched-linux-x86_64 | 0.1.6 | 50.63 | 91.41 | 142.04 | NOTE | |
r-release-linux-x86_64 | 0.1.6 | 52.68 | 89.70 | 142.38 | NOTE | |
r-release-macos-arm64 | 0.1.6 | 57.00 | NOTE | |||
r-release-macos-x86_64 | 0.1.6 | 88.00 | NOTE | |||
r-release-windows-x86_64 | 0.1.6 | 58.00 | 142.00 | 200.00 | NOTE | |
r-oldrel-macos-arm64 | 0.1.6 | 52.00 | OK | |||
r-oldrel-windows-x86_64 | 0.1.6 | 55.00 | 130.00 | 185.00 | OK |
Version: 0.1.6
Check: C++ specification
Result: NOTE
Specified C++11: please drop specification unless essential
Flavors: r-devel-linux-x86_64-debian-clang, r-devel-linux-x86_64-debian-gcc, r-devel-linux-x86_64-fedora-clang, r-devel-linux-x86_64-fedora-gcc, r-prerel-macos-arm64, r-prerel-windows-x86_64, r-patched-linux-x86_64, r-release-linux-x86_64, r-release-macos-arm64, r-release-macos-x86_64, r-release-windows-x86_64