Last updated on 2023-12-10 08:48:42 CET.
Flavor | Version | Tinstall | Tcheck | Ttotal | Status | Flags |
---|---|---|---|---|---|---|
r-devel-linux-x86_64-debian-clang | 0.3.1 | 8.04 | 316.67 | 324.71 | NOTE | |
r-devel-linux-x86_64-debian-gcc | 0.3.1 | 4.86 | 232.23 | 237.09 | NOTE | |
r-devel-linux-x86_64-fedora-clang | 0.3.1 | 391.18 | NOTE | |||
r-devel-linux-x86_64-fedora-gcc | 0.3.1 | 409.79 | NOTE | |||
r-devel-windows-x86_64 | 0.3.1 | 6.00 | 215.00 | 221.00 | NOTE | |
r-patched-linux-x86_64 | 0.3.1 | 5.99 | 307.28 | 313.27 | NOTE | |
r-release-linux-x86_64 | 0.3.1 | 4.99 | 301.34 | 306.33 | NOTE | |
r-release-macos-arm64 | 0.3.1 | 96.00 | NOTE | |||
r-release-macos-x86_64 | 0.3.1 | 182.00 | NOTE | |||
r-release-windows-x86_64 | 0.3.1 | 8.00 | 301.00 | 309.00 | NOTE | |
r-oldrel-macos-arm64 | 0.3.1 | 72.00 | NOTE | |||
r-oldrel-macos-x86_64 | 0.3.1 | 114.00 | NOTE | |||
r-oldrel-windows-x86_64 | 0.3.1 | 9.00 | 293.00 | 302.00 | NOTE |
Version: 0.3.1
Check: Rd files
Result: NOTE
checkRd: (-1) Acoef_sh.Rd:23: Lost braces; missing escapes or markup?
23 | The function returns the K-by-K matrices {A_1, ..., A_p} as a list object.
| ^
checkRd: (-1) VARshrink.Rd:58: Lost braces; missing escapes or markup?
58 | Consider VAR(p) model: y_t = A_1 y_{t-1} + ... + A_p y_{t-p} + C d_t + e_t,
| ^
checkRd: (-1) VARshrink.Rd:58: Lost braces; missing escapes or markup?
58 | Consider VAR(p) model: y_t = A_1 y_{t-1} + ... + A_p y_{t-p} + C d_t + e_t,
| ^
Flavors: r-devel-linux-x86_64-debian-clang, r-devel-linux-x86_64-debian-gcc
Version: 0.3.1
Check: LazyData
Result: NOTE
'LazyData' is specified without a 'data' directory
Flavors: r-devel-linux-x86_64-debian-clang, r-devel-linux-x86_64-debian-gcc, r-devel-linux-x86_64-fedora-clang, r-devel-linux-x86_64-fedora-gcc, r-devel-windows-x86_64, r-patched-linux-x86_64, r-release-linux-x86_64, r-release-macos-arm64, r-release-macos-x86_64, r-release-windows-x86_64, r-oldrel-macos-arm64, r-oldrel-macos-x86_64, r-oldrel-windows-x86_64