Last updated on 2023-06-02 18:53:00 CEST.
Flavor | Version | Tinstall | Tcheck | Ttotal | Status | Flags |
---|---|---|---|---|---|---|
r-devel-linux-x86_64-debian-clang | 1.3 | 138.23 | 105.09 | 243.32 | NOTE | |
r-devel-linux-x86_64-debian-gcc | 1.3 | 108.28 | 96.47 | 204.75 | NOTE | |
r-devel-linux-x86_64-fedora-clang | 1.3 | 356.25 | NOTE | |||
r-devel-linux-x86_64-fedora-gcc | 1.3 | 382.10 | NOTE | |||
r-devel-windows-x86_64 | 1.3 | 108.00 | 111.00 | 219.00 | NOTE | |
r-patched-linux-x86_64 | 1.3 | NOTE | ||||
r-release-linux-x86_64 | 1.3 | 109.49 | 103.21 | 212.70 | NOTE | |
r-release-macos-arm64 | 1.3 | 85.00 | NOTE | |||
r-release-macos-x86_64 | 1.3 | 145.00 | NOTE | |||
r-release-windows-x86_64 | 1.3 | 130.00 | 131.00 | 261.00 | NOTE | |
r-oldrel-macos-arm64 | 1.3 | 80.00 | NOTE | |||
r-oldrel-macos-x86_64 | 1.3 | 103.00 | NOTE | |||
r-oldrel-windows-x86_64 | 1.3 | 136.00 | 128.00 | 264.00 | OK |
Version: 1.3
Check: C++ specification
Result: NOTE
Specified C++11: please drop specification unless essential
Flavors: r-devel-linux-x86_64-debian-clang, r-devel-linux-x86_64-debian-gcc, r-devel-linux-x86_64-fedora-clang, r-devel-linux-x86_64-fedora-gcc, r-devel-windows-x86_64, r-patched-linux-x86_64, r-release-linux-x86_64, r-release-macos-arm64, r-release-macos-x86_64, r-release-windows-x86_64
Version: 1.3
Check: installed package size
Result: NOTE
installed size is 5.3Mb
sub-directories of 1Mb or more:
libs 4.6Mb
Flavors: r-release-macos-arm64, r-release-macos-x86_64, r-oldrel-macos-arm64, r-oldrel-macos-x86_64