Last updated on 2023-05-28 23:14:13 CEST.
Flavor | Version | Tinstall | Tcheck | Ttotal | Status | Flags |
---|---|---|---|---|---|---|
r-devel-linux-x86_64-debian-clang | 1.2.4 | 11.70 | 121.23 | 132.93 | OK | |
r-devel-linux-x86_64-debian-gcc | 1.2.4 | 9.23 | 90.02 | 99.25 | OK | |
r-devel-linux-x86_64-fedora-clang | 1.2.4 | 162.68 | NOTE | |||
r-devel-linux-x86_64-fedora-gcc | 1.2.4 | 194.33 | OK | |||
r-devel-windows-x86_64 | 1.2.4 | 13.00 | 111.00 | 124.00 | OK | |
r-patched-linux-x86_64 | 1.2.4 | 8.05 | 113.08 | 121.13 | OK | |
r-release-linux-x86_64 | 1.2.4 | 7.25 | 115.01 | 122.26 | OK | |
r-release-macos-arm64 | 1.2.4 | 56.00 | OK | |||
r-release-macos-x86_64 | 1.2.4 | 81.00 | OK | |||
r-release-windows-x86_64 | 1.2.4 | 14.00 | 135.00 | 149.00 | OK | |
r-oldrel-macos-arm64 | 1.2.4 | 56.00 | OK | |||
r-oldrel-macos-x86_64 | 1.2.4 | 90.00 | OK | |||
r-oldrel-windows-x86_64 | 1.2.4 | 14.00 | 132.00 | 146.00 | OK |
Version: 1.2.4
Check: Rd cross-references
Result: NOTE
Undeclared package ‘tibble’ in Rd xrefs
Flavor: r-devel-linux-x86_64-fedora-clang