Last updated on 2024-04-24 16:54:48 CEST.
Flavor | Version | Tinstall | Tcheck | Ttotal | Status | Flags |
---|---|---|---|---|---|---|
r-devel-linux-x86_64-debian-clang | 0.2.1 | 7.99 | 89.97 | 97.96 | NOTE | |
r-devel-linux-x86_64-debian-gcc | 0.2.1 | 6.46 | 67.05 | 73.51 | NOTE | |
r-devel-linux-x86_64-fedora-clang | 0.2.1 | 120.77 | NOTE | |||
r-devel-linux-x86_64-fedora-gcc | 0.2.1 | 118.78 | NOTE | |||
r-devel-windows-x86_64 | 0.2.1 | 8.00 | 78.00 | 86.00 | NOTE | |
r-patched-linux-x86_64 | 0.2.1 | 7.74 | 85.89 | 93.63 | NOTE | |
r-release-linux-x86_64 | 0.2.1 | 9.39 | 87.66 | 97.05 | OK | |
r-release-macos-arm64 | 0.2.1 | 39.00 | OK | |||
r-release-windows-x86_64 | 0.2.1 | 7.00 | 80.00 | 87.00 | NOTE | |
r-oldrel-macos-arm64 | 0.2.1 | 33.00 | OK | |||
r-oldrel-macos-x86_64 | 0.2.1 | 65.00 | OK | |||
r-oldrel-windows-x86_64 | 0.2.1 | 11.00 | 91.00 | 102.00 | OK |
Version: 0.2.1
Check: Rd files
Result: NOTE
checkRd: (-1) simulateDCSIS.Rd:40: Lost braces
40 | Y = 6*X1 + 1.5*X2 + 9*1{X12 < 0} + exp(2*X22)*e
| ^
checkRd: (-1) simulateDCSIS.Rd:42: Lost braces
42 | Y = 6*X1 + 1.5*X2 + 9*1{X12 < 0} + 6*X22 + e
| ^
Flavors: r-devel-linux-x86_64-debian-clang, r-devel-linux-x86_64-debian-gcc, r-devel-linux-x86_64-fedora-clang, r-devel-linux-x86_64-fedora-gcc, r-devel-windows-x86_64, r-patched-linux-x86_64, r-release-windows-x86_64