CRAN Package Check Results for Package VeryLargeIntegers

Last updated on 2021-05-06 01:48:09 CEST.

Flavor Version Tinstall Tcheck Ttotal Status Flags
r-devel-linux-x86_64-debian-clang 0.1.8 28.60 49.40 78.00 NOTE
r-devel-linux-x86_64-debian-gcc 0.1.8 19.44 37.30 56.74 NOTE
r-devel-linux-x86_64-fedora-clang 0.1.8 110.68 NOTE
r-devel-linux-x86_64-fedora-gcc 0.1.8 99.67 NOTE
r-devel-windows-x86_64-gcc10-UCRT 0.1.8 NOTE
r-patched-linux-x86_64 0.1.8 21.52 48.58 70.10 NOTE
r-patched-solaris-x86 0.1.8 110.60 OK
r-release-linux-x86_64 0.1.8 22.24 46.59 68.83 OK
r-release-macos-x86_64 0.1.8 OK
r-release-windows-ix86+x86_64 0.1.8 44.00 80.00 124.00 OK
r-oldrel-macos-x86_64 0.1.8 OK
r-oldrel-windows-ix86+x86_64 0.1.8 59.00 103.00 162.00 OK

Check Details

Version: 0.1.8
Check: LazyData
Result: NOTE
     'LazyData' is specified without a 'data' directory
Flavors: r-devel-linux-x86_64-debian-clang, r-devel-linux-x86_64-debian-gcc, r-devel-linux-x86_64-fedora-clang, r-devel-linux-x86_64-fedora-gcc, r-devel-windows-x86_64-gcc10-UCRT, r-patched-linux-x86_64