CRAN Package Check Results for Package WASP

Last updated on 2024-06-27 16:49:18 CEST.

Flavor Version Tinstall Tcheck Ttotal Status Flags
r-devel-linux-x86_64-debian-clang 1.4.3 NOTE
r-devel-linux-x86_64-debian-gcc 1.4.3 7.42 114.29 121.71 NOTE
r-devel-linux-x86_64-fedora-clang 1.4.3 149.26 ERROR
r-devel-linux-x86_64-fedora-gcc 1.4.3 151.87 ERROR
r-devel-windows-x86_64 1.4.3 9.00 130.00 139.00 OK
r-patched-linux-x86_64 1.4.3 8.40 145.99 154.39 NOTE
r-release-linux-x86_64 1.4.3 6.20 146.22 152.42 NOTE
r-release-macos-arm64 1.4.3 54.00 OK
r-release-macos-x86_64 1.4.3 88.00 OK
r-release-windows-x86_64 1.4.3 10.00 134.00 144.00 OK
r-oldrel-macos-arm64 1.4.3 62.00 OK
r-oldrel-macos-x86_64 1.4.3 93.00 NOTE
r-oldrel-windows-x86_64 1.4.3 12.00 163.00 175.00 OK

Additional issues

noSuggests

Check Details

Version: 1.4.3
Check: package dependencies
Result: NOTE Package suggested but not available for checking: ‘NPRED’ Flavors: r-devel-linux-x86_64-debian-clang, r-devel-linux-x86_64-debian-gcc, r-patched-linux-x86_64, r-release-linux-x86_64, r-oldrel-macos-x86_64

Version: 1.4.3
Check: package dependencies
Result: NOTE Packages suggested but not available for checking: 'NPRED', 'synthesis' Flavors: r-devel-linux-x86_64-fedora-clang, r-devel-linux-x86_64-fedora-gcc

Version: 1.4.3
Check: dependencies in R code
Result: NOTE Namespace in Imports field not imported from: ‘rlang’ All declared Imports should be used. Flavors: r-devel-linux-x86_64-fedora-clang, r-devel-linux-x86_64-fedora-gcc

Version: 1.4.3
Check: re-building of vignette outputs
Result: ERROR Error(s) in re-building vignettes: --- re-building ‘WASP.Rmd’ using rmarkdown Quitting from lines 33-43 [packages] (WASP.Rmd) Error: processing vignette 'WASP.Rmd' failed with diagnostics: there is no package called 'synthesis' --- failed re-building ‘WASP.Rmd’ SUMMARY: processing the following file failed: ‘WASP.Rmd’ Error: Vignette re-building failed. Execution halted Flavors: r-devel-linux-x86_64-fedora-clang, r-devel-linux-x86_64-fedora-gcc