Last updated on 2023-12-04 00:53:01 CET.
Flavor | Version | Tinstall | Tcheck | Ttotal | Status | Flags |
---|---|---|---|---|---|---|
r-devel-linux-x86_64-debian-clang | 1.4.3 | 10.47 | 142.05 | 152.52 | OK | |
r-devel-linux-x86_64-debian-gcc | 1.4.3 | 6.86 | 106.97 | 113.83 | OK | |
r-devel-linux-x86_64-fedora-clang | 1.4.3 | 184.85 | NOTE | |||
r-devel-linux-x86_64-fedora-gcc | 1.4.3 | 190.63 | NOTE | |||
r-devel-windows-x86_64 | 1.4.3 | 10.00 | 130.00 | 140.00 | OK | |
r-patched-linux-x86_64 | 1.4.3 | 6.60 | 136.64 | 143.24 | OK | |
r-release-linux-x86_64 | 1.4.3 | 5.29 | 136.19 | 141.48 | OK | |
r-release-macos-arm64 | 1.4.3 | 62.00 | OK | |||
r-release-macos-x86_64 | 1.4.3 | 93.00 | NOTE | |||
r-release-windows-x86_64 | 1.4.3 | 11.00 | 156.00 | 167.00 | OK | |
r-oldrel-macos-arm64 | 1.4.3 | 50.00 | NOTE | |||
r-oldrel-macos-x86_64 | 1.4.3 | 83.00 | NOTE | |||
r-oldrel-windows-x86_64 | 1.4.3 | 11.00 | 157.00 | 168.00 | OK |
Version: 1.4.3
Check: dependencies in R code
Result: NOTE
Namespace in Imports field not imported from: ‘rlang’
All declared Imports should be used.
Flavors: r-devel-linux-x86_64-fedora-clang, r-devel-linux-x86_64-fedora-gcc, r-oldrel-macos-arm64, r-oldrel-macos-x86_64
Version: 1.4.3
Check: package dependencies
Result: NOTE
Package suggested but not available for checking: ‘NPRED’
Flavor: r-release-macos-x86_64