Last updated on 2022-05-19 05:52:09 CEST.
Flavor | Version | Tinstall | Tcheck | Ttotal | Status | Flags |
---|---|---|---|---|---|---|
r-devel-linux-x86_64-debian-clang | 1.71 | 82.30 | 465.45 | 547.75 | OK | |
r-devel-linux-x86_64-debian-gcc | 1.71 | 65.36 | 336.18 | 401.54 | OK | |
r-devel-linux-x86_64-fedora-clang | 1.71 | 633.87 | OK | |||
r-devel-linux-x86_64-fedora-gcc | 1.71 | 662.54 | OK | |||
r-devel-windows-x86_64 | 1.71 | 145.00 | 474.00 | 619.00 | OK | |
r-patched-linux-x86_64 | 1.71 | 67.96 | 424.18 | 492.14 | OK | |
r-release-linux-x86_64 | 1.71 | 53.22 | 421.12 | 474.34 | OK | |
r-release-macos-arm64 | 1.71 | 165.00 | NOTE | |||
r-release-macos-x86_64 | 1.71 | 205.00 | OK | |||
r-release-windows-x86_64 | 1.71 | 173.00 | 465.00 | 638.00 | OK | |
r-oldrel-macos-arm64 | 1.71 | 159.00 | NOTE | |||
r-oldrel-macos-x86_64 | 1.71 | 205.00 | OK | |||
r-oldrel-windows-ix86+x86_64 | 1.71 | 150.00 | 617.00 | 767.00 | NOTE |
Version: 1.71
Check: installed package size
Result: NOTE
installed size is 5.2Mb
sub-directories of 1Mb or more:
R 2.1Mb
libs 1.5Mb
Flavors: r-release-macos-arm64, r-oldrel-macos-arm64, r-oldrel-windows-ix86+x86_64