Last updated on 2024-03-28 23:55:24 CET.
Flavor | Version | Tinstall | Tcheck | Ttotal | Status | Flags |
---|---|---|---|---|---|---|
r-devel-linux-x86_64-debian-clang | 1.3.3 | 4.62 | 232.51 | 237.13 | NOTE | |
r-devel-linux-x86_64-debian-gcc | 1.3.3 | 4.47 | 170.09 | 174.56 | NOTE | |
r-devel-linux-x86_64-fedora-clang | 1.3.3 | 289.86 | NOTE | |||
r-devel-linux-x86_64-fedora-gcc | 1.3.3 | 326.12 | NOTE | |||
r-devel-windows-x86_64 | 1.3.3 | 7.00 | 228.00 | 235.00 | NOTE | |
r-patched-linux-x86_64 | 1.3.3 | 4.66 | 223.69 | 228.35 | NOTE | |
r-release-linux-x86_64 | 1.3.3 | 4.52 | 219.36 | 223.88 | OK | |
r-release-macos-arm64 | 1.3.3 | 57.00 | OK | |||
r-release-macos-x86_64 | 1.3.3 | 125.00 | OK | |||
r-release-windows-x86_64 | 1.3.3 | 8.00 | 256.00 | 264.00 | OK | |
r-oldrel-macos-arm64 | 1.3.3 | 61.00 | OK | |||
r-oldrel-windows-x86_64 | 1.3.3 | 9.00 | 258.00 | 267.00 | OK |
Version: 1.3.3
Check: Rd files
Result: NOTE
checkRd: (-1) partition_t.plot.Rd:18: Lost braces in \itemize; meant \describe ?
checkRd: (-1) partition_t.plot.Rd:19: Lost braces in \itemize; meant \describe ?
checkRd: (-1) partition_t.plot.Rd:20: Lost braces in \itemize; meant \describe ?
checkRd: (-1) partition_t.plot.Rd:21: Lost braces in \itemize; meant \describe ?
checkRd: (-1) partition_t.plot.Rd:22: Lost braces in \itemize; meant \describe ?
checkRd: (-1) partition_t.plot.Rd:31: Lost braces in \itemize; meant \describe ?
checkRd: (-1) partition_t.plot.Rd:32: Lost braces in \itemize; meant \describe ?
checkRd: (-1) partition_t.plot.Rd:33: Lost braces in \itemize; meant \describe ?
checkRd: (-1) sim.data.Rd:25: Lost braces in \itemize; meant \describe ?
checkRd: (-1) sim.data.Rd:26: Lost braces in \itemize; meant \describe ?
checkRd: (-1) sim.data.Rd:27: Lost braces in \itemize; meant \describe ?
checkRd: (-1) sim.data.Rd:49: Lost braces in \itemize; \value handles \item{}{} directly
checkRd: (-1) sim.data.Rd:50: Lost braces in \itemize; \value handles \item{}{} directly
checkRd: (-1) sim.data.Rd:51: Lost braces in \itemize; \value handles \item{}{} directly
checkRd: (-1) sim.data.Rd:52: Lost braces in \itemize; \value handles \item{}{} directly
checkRd: (-1) sim.data.Rd:53: Lost braces in \itemize; \value handles \item{}{} directly
checkRd: (-1) stat_t.plot.Rd:21: Lost braces in \itemize; meant \describe ?
checkRd: (-1) stat_t.plot.Rd:22: Lost braces in \itemize; meant \describe ?
checkRd: (-1) stat_t.plot.Rd:23: Lost braces in \itemize; meant \describe ?
checkRd: (-1) stat_t.plot.Rd:24: Lost braces in \itemize; meant \describe ?
checkRd: (-1) stat_t.plot.Rd:25: Lost braces in \itemize; meant \describe ?
checkRd: (-1) stat_t.plot.Rd:34: Lost braces in \itemize; meant \describe ?
checkRd: (-1) stat_t.plot.Rd:35: Lost braces in \itemize; meant \describe ?
checkRd: (-1) stat_t.plot.Rd:36: Lost braces in \itemize; meant \describe ?
checkRd: (-1) stat_t.plot.Rd:44: Lost braces in \itemize; meant \describe ?
checkRd: (-1) stat_t.plot.Rd:45: Lost braces in \itemize; meant \describe ?
checkRd: (-1) stat_t.plot.Rd:46: Lost braces in \itemize; meant \describe ?
checkRd: (-1) stat_t.plot.Rd:47: Lost braces in \itemize; meant \describe ?
checkRd: (-1) stat_t.plot.Rd:52: Lost braces in \itemize; meant \describe ?
checkRd: (-1) stat_t.plot.Rd:53: Lost braces in \itemize; meant \describe ?
checkRd: (-1) stat_t.plot.Rd:54: Lost braces in \itemize; meant \describe ?
checkRd: (-1) win.stat.Rd:20: Lost braces in \itemize; meant \describe ?
checkRd: (-1) win.stat.Rd:21: Lost braces in \itemize; meant \describe ?
checkRd: (-1) win.stat.Rd:22: Lost braces in \itemize; meant \describe ?
checkRd: (-1) win.stat.Rd:23: Lost braces in \itemize; meant \describe ?
checkRd: (-1) win.stat.Rd:24: Lost braces in \itemize; meant \describe ?
checkRd: (-1) win.stat.Rd:30: Lost braces in \itemize; meant \describe ?
checkRd: (-1) win.stat.Rd:31: Lost braces in \itemize; meant \describe ?
checkRd: (-1) win.stat.Rd:32: Lost braces in \itemize; meant \describe ?
checkRd: (-1) win.stat.Rd:46: Lost braces in \itemize; meant \describe ?
checkRd: (-1) win.stat.Rd:47: Lost braces in \itemize; meant \describe ?
checkRd: (-1) win.stat.Rd:48: Lost braces in \itemize; meant \describe ?
checkRd: (-1) win.stat.Rd:49: Lost braces in \itemize; meant \describe ?
checkRd: (-1) win.stat.Rd:54: Lost braces in \itemize; meant \describe ?
checkRd: (-1) win.stat.Rd:55: Lost braces in \itemize; meant \describe ?
checkRd: (-1) win.stat.Rd:56: Lost braces in \itemize; meant \describe ?
checkRd: (-1) win.stat.Rd:61: Lost braces in \itemize; meant \describe ?
checkRd: (-1) win.stat.Rd:62: Lost braces in \itemize; meant \describe ?
checkRd: (-1) win.stat.Rd:72: Lost braces in \itemize; meant \describe ?
checkRd: (-1) win.stat.Rd:73: Lost braces in \itemize; meant \describe ?
checkRd: (-1) win.stat.Rd:74: Lost braces in \itemize; meant \describe ?
checkRd: (-1) win.stat.Rd:75: Lost braces in \itemize; meant \describe ?
checkRd: (-1) win.stat.Rd:76: Lost braces in \itemize; meant \describe ?
checkRd: (-1) win.stat.Rd:77: Lost braces in \itemize; meant \describe ?
checkRd: (-1) win.stat.Rd:78: Lost braces in \itemize; meant \describe ?
checkRd: (-1) win.stat.Rd:85: Lost braces in \itemize; \value handles \item{}{} directly
checkRd: (-1) win.stat.Rd:86: Lost braces in \itemize; \value handles \item{}{} directly
checkRd: (-1) win.stat.Rd:87: Lost braces in \itemize; \value handles \item{}{} directly
checkRd: (-1) win.stat.Rd:92: Lost braces in \itemize; \value handles \item{}{} directly
checkRd: (-1) win.stat.Rd:93: Lost braces in \itemize; \value handles \item{}{} directly
checkRd: (-1) win.stat.Rd:94: Lost braces in \itemize; \value handles \item{}{} directly
checkRd: (-1) win.stat.Rd:99: Lost braces in \itemize; \value handles \item{}{} directly
checkRd: (-1) win.stat.Rd:100: Lost braces in \itemize; \value handles \item{}{} directly
checkRd: (-1) win.stat.Rd:101: Lost braces in \itemize; \value handles \item{}{} directly
checkRd: (-1) win.strategy.default.Rd:15: Lost braces in \itemize; meant \describe ?
checkRd: (-1) win.strategy.default.Rd:16: Lost braces in \itemize; meant \describe ?
checkRd: (-1) win.strategy.default.Rd:17: Lost braces in \itemize; meant \describe ?
checkRd: (-1) win.strategy.default.Rd:18: Lost braces in \itemize; meant \describe ?
checkRd: (-1) win.strategy.default.Rd:19: Lost braces in \itemize; meant \describe ?
checkRd: (-1) win.strategy.default.Rd:20: Lost braces in \itemize; meant \describe ?
checkRd: (-1) win.strategy.default.Rd:21: Lost braces in \itemize; meant \describe ?
Flavors: r-devel-linux-x86_64-debian-clang, r-devel-linux-x86_64-debian-gcc, r-devel-linux-x86_64-fedora-clang, r-devel-linux-x86_64-fedora-gcc, r-devel-windows-x86_64, r-patched-linux-x86_64