Last updated on 2023-06-02 18:53:00 CEST.
Flavor | Version | Tinstall | Tcheck | Ttotal | Status | Flags |
---|---|---|---|---|---|---|
r-devel-linux-x86_64-debian-clang | 0.2.0 | 65.24 | 105.42 | 170.66 | OK | |
r-devel-linux-x86_64-debian-gcc | 0.2.0 | 49.23 | 80.57 | 129.80 | OK | |
r-devel-linux-x86_64-fedora-clang | 0.2.0 | 229.82 | NOTE | |||
r-devel-linux-x86_64-fedora-gcc | 0.2.0 | 240.84 | NOTE | |||
r-devel-windows-x86_64 | 0.2.0 | 51.00 | 121.00 | 172.00 | OK | |
r-patched-linux-x86_64 | 0.2.0 | OK | ||||
r-release-linux-x86_64 | 0.2.0 | 45.09 | 100.40 | 145.49 | OK | |
r-release-macos-arm64 | 0.2.0 | 78.00 | OK | |||
r-release-macos-x86_64 | 0.2.0 | 109.00 | OK | |||
r-release-windows-x86_64 | 0.2.0 | 63.00 | 141.00 | 204.00 | OK | |
r-oldrel-macos-arm64 | 0.2.0 | 66.00 | NOTE | |||
r-oldrel-macos-x86_64 | 0.2.0 | 81.00 | NOTE | |||
r-oldrel-windows-x86_64 | 0.2.0 | 60.00 | 130.00 | 190.00 | OK |
Version: 0.2.0
Check: dependencies in R code
Result: NOTE
Namespaces in Imports field not imported from:
‘fdadensity’ ‘locfit’ ‘locpol’ ‘modeest’
All declared Imports should be used.
Flavors: r-devel-linux-x86_64-fedora-clang, r-devel-linux-x86_64-fedora-gcc, r-oldrel-macos-arm64, r-oldrel-macos-x86_64