Last updated on 2024-03-28 15:50:05 CET.
Flavor | Version | Tinstall | Tcheck | Ttotal | Status | Flags |
---|---|---|---|---|---|---|
r-devel-linux-x86_64-debian-clang | 0.1.1 | 12.65 | 117.97 | 130.62 | NOTE | |
r-devel-linux-x86_64-debian-gcc | 0.1.1 | 11.13 | 90.98 | 102.11 | NOTE | |
r-devel-linux-x86_64-fedora-clang | 0.1.1 | 172.67 | NOTE | |||
r-devel-linux-x86_64-fedora-gcc | 0.1.1 | 160.14 | NOTE | |||
r-devel-windows-x86_64 | 0.1.1 | 13.00 | 96.00 | 109.00 | NOTE | |
r-patched-linux-x86_64 | 0.1.1 | 8.95 | 116.22 | 125.17 | NOTE | |
r-release-linux-x86_64 | 0.1.1 | 8.98 | 117.55 | 126.53 | NOTE | |
r-release-macos-arm64 | 0.1.1 | 51.00 | NOTE | |||
r-release-macos-x86_64 | 0.1.1 | 84.00 | NOTE | |||
r-release-windows-x86_64 | 0.1.1 | 17.00 | 120.00 | 137.00 | NOTE | |
r-oldrel-macos-arm64 | 0.1.1 | 45.00 | NOTE | |||
r-oldrel-windows-x86_64 | 0.1.1 | 17.00 | 119.00 | 136.00 | NOTE |
Version: 0.1.1
Check: LazyData
Result: NOTE
'LazyData' is specified without a 'data' directory
Flavors: r-devel-linux-x86_64-debian-clang, r-devel-linux-x86_64-debian-gcc, r-devel-linux-x86_64-fedora-clang, r-devel-linux-x86_64-fedora-gcc, r-devel-windows-x86_64, r-patched-linux-x86_64, r-release-linux-x86_64, r-release-macos-arm64, r-release-macos-x86_64, r-release-windows-x86_64, r-oldrel-macos-arm64, r-oldrel-windows-x86_64