Last updated on 2023-05-28 23:14:14 CEST.
Flavor | Version | Tinstall | Tcheck | Ttotal | Status | Flags |
---|---|---|---|---|---|---|
r-devel-linux-x86_64-debian-clang | 1.6-2 | 18.75 | 207.74 | 226.49 | OK | |
r-devel-linux-x86_64-debian-gcc | 1.6-2 | 15.42 | 162.30 | 177.72 | OK | |
r-devel-linux-x86_64-fedora-clang | 1.6-2 | 295.92 | OK | |||
r-devel-linux-x86_64-fedora-gcc | 1.6-2 | 319.80 | OK | |||
r-devel-windows-x86_64 | 1.6-2 | 21.00 | 252.00 | 273.00 | OK | |
r-patched-linux-x86_64 | 1.6-2 | 20.56 | 205.43 | 225.99 | OK | |
r-release-linux-x86_64 | 1.6-2 | 16.67 | 205.09 | 221.76 | OK | |
r-release-macos-arm64 | 1.6-0 | 113.00 | NOTE | |||
r-release-macos-x86_64 | 1.6-0 | 196.00 | NOTE | |||
r-release-windows-x86_64 | 1.6-2 | 26.00 | 285.00 | 311.00 | OK | |
r-oldrel-macos-arm64 | 1.6-0 | 124.00 | OK | |||
r-oldrel-macos-x86_64 | 1.6-2 | 132.00 | OK | |||
r-oldrel-windows-x86_64 | 1.6-2 | 22.00 | 289.00 | 311.00 | OK |
Version: 1.6-0
Check: C++ specification
Result: NOTE
Specified C++11: please drop specification unless essential
Flavors: r-release-macos-arm64, r-release-macos-x86_64