CRAN Package Check Results for Package WikidataQueryServiceR

Last updated on 2021-10-17 00:48:55 CEST.

Flavor Version Tinstall Tcheck Ttotal Status Flags
r-devel-linux-x86_64-debian-clang 1.0.0 1.85 25.08 26.93 NOTE
r-devel-linux-x86_64-debian-gcc 1.0.0 1.66 20.03 21.69 NOTE
r-devel-linux-x86_64-fedora-clang 1.0.0 43.43 NOTE
r-devel-linux-x86_64-fedora-gcc 1.0.0 32.42 NOTE
r-devel-windows-x86_64 1.0.0 4.00 32.00 36.00 NOTE
r-devel-windows-x86_64-gcc10-UCRT 1.0.0 NOTE
r-patched-linux-x86_64 1.0.0 2.07 24.53 26.60 NOTE
r-patched-solaris-x86 1.0.0 50.00 NOTE
r-release-linux-x86_64 1.0.0 2.00 24.55 26.55 NOTE
r-release-macos-arm64 1.0.0 NOTE
r-release-macos-x86_64 1.0.0 NOTE
r-release-windows-ix86+x86_64 1.0.0 6.00 44.00 50.00 NOTE
r-oldrel-macos-x86_64 1.0.0 OK
r-oldrel-windows-ix86+x86_64 1.0.0 6.00 45.00 51.00 OK

Check Details

Version: 1.0.0
Check: LazyData
Result: NOTE
     'LazyData' is specified without a 'data' directory
Flavors: r-devel-linux-x86_64-debian-clang, r-devel-linux-x86_64-debian-gcc, r-devel-linux-x86_64-fedora-clang, r-devel-linux-x86_64-fedora-gcc, r-devel-windows-x86_64, r-devel-windows-x86_64-gcc10-UCRT, r-patched-linux-x86_64, r-patched-solaris-x86, r-release-linux-x86_64, r-release-macos-arm64, r-release-macos-x86_64, r-release-windows-ix86+x86_64