CRAN Package Check Results for Package WikidataR

Last updated on 2024-06-19 08:58:05 CEST.

Flavor Version Tinstall Tcheck Ttotal Status Flags
r-devel-linux-x86_64-debian-clang 2.3.3 9.44 65.50 74.94 NOTE
r-devel-linux-x86_64-debian-gcc 2.3.3 5.58 49.07 54.65 NOTE
r-devel-linux-x86_64-fedora-clang 2.3.3 94.38 NOTE
r-devel-linux-x86_64-fedora-gcc 2.3.3 86.27 NOTE
r-devel-windows-x86_64 2.3.3 9.00 86.00 95.00 NOTE
r-patched-linux-x86_64 2.3.3 8.00 64.05 72.05 NOTE
r-release-linux-x86_64 2.3.3 6.56 63.75 70.31 NOTE
r-release-macos-arm64 2.3.3 53.00 NOTE
r-release-macos-x86_64 2.3.3 69.00 NOTE
r-release-windows-x86_64 2.3.3 9.00 83.00 92.00 NOTE
r-oldrel-macos-arm64 2.3.3 56.00 OK
r-oldrel-macos-x86_64 2.3.3 65.00 OK
r-oldrel-windows-x86_64 2.3.3 10.00 104.00 114.00 OK

Additional issues

donttest

Check Details

Version: 2.3.3
Check: Rd files
Result: NOTE checkRd: (-1) get_geo_box.Rd:37-38: Lost braces in \itemize; \value handles \item{}{} directly checkRd: (-1) get_geo_box.Rd:39-40: Lost braces in \itemize; \value handles \item{}{} directly checkRd: (-1) get_geo_box.Rd:41: Lost braces in \itemize; \value handles \item{}{} directly checkRd: (-1) get_geo_box.Rd:42: Lost braces in \itemize; \value handles \item{}{} directly checkRd: (-1) get_geo_box.Rd:43-44: Lost braces in \itemize; \value handles \item{}{} directly checkRd: (-1) get_geo_entity.Rd:27-28: Lost braces in \itemize; \value handles \item{}{} directly checkRd: (-1) get_geo_entity.Rd:29-30: Lost braces in \itemize; \value handles \item{}{} directly checkRd: (-1) get_geo_entity.Rd:31: Lost braces in \itemize; \value handles \item{}{} directly checkRd: (-1) get_geo_entity.Rd:32: Lost braces in \itemize; \value handles \item{}{} directly checkRd: (-1) get_geo_entity.Rd:33-34: Lost braces in \itemize; \value handles \item{}{} directly Flavors: r-devel-linux-x86_64-debian-clang, r-devel-linux-x86_64-debian-gcc, r-devel-linux-x86_64-fedora-clang, r-devel-linux-x86_64-fedora-gcc, r-devel-windows-x86_64, r-patched-linux-x86_64, r-release-linux-x86_64, r-release-macos-arm64, r-release-macos-x86_64, r-release-windows-x86_64