Last updated on 2023-06-04 08:57:26 CEST.
Flavor | Version | Tinstall | Tcheck | Ttotal | Status | Flags |
---|---|---|---|---|---|---|
r-devel-linux-x86_64-debian-clang | 1.1 | 4.42 | 38.98 | 43.40 | OK | |
r-devel-linux-x86_64-debian-gcc | 1.1 | 3.78 | 30.25 | 34.03 | OK | |
r-devel-linux-x86_64-fedora-clang | 1.1 | 54.98 | NOTE | |||
r-devel-linux-x86_64-fedora-gcc | 1.1 | 58.71 | OK | |||
r-devel-windows-x86_64 | 1.1 | 5.00 | 56.00 | 61.00 | OK | |
r-patched-linux-x86_64 | 1.1 | 3.76 | 38.07 | 41.83 | OK | |
r-release-linux-x86_64 | 1.1 | 4.34 | 37.82 | 42.16 | OK | |
r-release-macos-arm64 | 1.1 | 21.00 | OK | |||
r-release-macos-x86_64 | 1.1 | 29.00 | OK | |||
r-release-windows-x86_64 | 1.1 | 7.00 | 57.00 | 64.00 | OK | |
r-oldrel-macos-arm64 | 1.1 | 20.00 | OK | |||
r-oldrel-macos-x86_64 | 1.1 | 28.00 | OK | |||
r-oldrel-windows-x86_64 | 1.1 | 7.00 | 59.00 | 66.00 | OK |
Version: 1.1
Check: Rd cross-references
Result: NOTE
Undeclared package ‘WikipediR’ in Rd xrefs
Flavor: r-devel-linux-x86_64-fedora-clang