Last updated on 2024-04-20 08:51:18 CEST.
Flavor | Version | Tinstall | Tcheck | Ttotal | Status | Flags |
---|---|---|---|---|---|---|
r-devel-linux-x86_64-debian-clang | 1.3 | 4.41 | 40.81 | 45.22 | NOTE | |
r-devel-linux-x86_64-debian-gcc | 1.3 | 2.63 | 30.48 | 33.11 | NOTE | |
r-devel-linux-x86_64-fedora-clang | 1.3 | 56.88 | NOTE | |||
r-devel-linux-x86_64-fedora-gcc | 1.3 | 53.44 | NOTE | |||
r-prerel-macos-arm64 | 1.3 | 20.00 | NOTE | |||
r-prerel-windows-x86_64 | 1.3 | 5.00 | 58.00 | 63.00 | NOTE | |
r-patched-linux-x86_64 | 1.3 | 4.29 | 39.89 | 44.18 | NOTE | |
r-release-linux-x86_64 | 1.3 | 4.64 | 39.92 | 44.56 | OK | |
r-release-macos-arm64 | 1.3 | 22.00 | OK | |||
r-release-macos-x86_64 | 1.3 | 32.00 | OK | |||
r-release-windows-x86_64 | 1.3 | 5.00 | 62.00 | 67.00 | OK | |
r-oldrel-macos-arm64 | 1.3 | 26.00 | OK | |||
r-oldrel-windows-x86_64 | 1.3 | 38.00 | 92.00 | 130.00 | OK |
Version: 1.3
Check: Rd files
Result: NOTE
checkRd: (-1) item.side.Rd:35: Lost braces
35 | code{TRUE}. If any other value, the axis is not drawn.}
| ^
Flavors: r-devel-linux-x86_64-debian-clang, r-devel-linux-x86_64-debian-gcc, r-devel-linux-x86_64-fedora-clang, r-devel-linux-x86_64-fedora-gcc, r-prerel-macos-arm64, r-prerel-windows-x86_64, r-patched-linux-x86_64