CRAN Package Check Results for Package XKCDdata

Last updated on 2024-02-21 00:54:45 CET.

Flavor Version Tinstall Tcheck Ttotal Status Flags
r-devel-linux-x86_64-debian-clang 0.1.0 NOTE
r-devel-linux-x86_64-debian-gcc 0.1.0 3.67 31.68 35.35 NOTE
r-devel-linux-x86_64-fedora-clang 0.1.0 57.23 NOTE
r-devel-linux-x86_64-fedora-gcc 0.1.0 53.91 NOTE
r-devel-windows-x86_64 0.1.0 5.00 52.00 57.00 NOTE
r-patched-linux-x86_64 0.1.0 3.42 40.45 43.87 NOTE
r-release-linux-x86_64 0.1.0 4.05 40.10 44.15 NOTE
r-release-macos-arm64 0.1.0 22.00 NOTE
r-release-macos-x86_64 0.1.0 32.00 NOTE
r-release-windows-x86_64 0.1.0 6.00 61.00 67.00 NOTE
r-oldrel-macos-arm64 0.1.0 25.00 NOTE
r-oldrel-windows-x86_64 0.1.0 6.00 66.00 72.00 NOTE

Check Details

Version: 0.1.0
Check: LazyData
Result: NOTE 'LazyData' is specified without a 'data' directory Flavors: r-devel-linux-x86_64-debian-clang, r-devel-linux-x86_64-debian-gcc, r-devel-linux-x86_64-fedora-clang, r-devel-linux-x86_64-fedora-gcc, r-devel-windows-x86_64, r-patched-linux-x86_64, r-release-linux-x86_64, r-release-macos-arm64, r-release-macos-x86_64, r-release-windows-x86_64, r-oldrel-macos-arm64, r-oldrel-windows-x86_64

Version: 0.1.0
Check: dependencies in R code
Result: NOTE Namespace in Imports field not imported from: ‘tibble’ All declared Imports should be used. Flavors: r-devel-linux-x86_64-fedora-clang, r-devel-linux-x86_64-fedora-gcc, r-oldrel-macos-arm64