Last updated on 2023-04-01 01:52:33 CEST.
Flavor | Version | Tinstall | Tcheck | Ttotal | Status | Flags |
---|---|---|---|---|---|---|
r-devel-linux-x86_64-debian-clang | 3.99-0.14 | 28.11 | 96.47 | 124.58 | OK | |
r-devel-linux-x86_64-debian-gcc | 3.99-0.14 | 19.36 | 70.56 | 89.92 | OK | |
r-devel-linux-x86_64-fedora-clang | 3.99-0.14 | 155.36 | OK | |||
r-devel-linux-x86_64-fedora-gcc | 3.99-0.14 | 153.31 | OK | |||
r-devel-windows-x86_64 | 3.99-0.14 | 228.00 | 168.00 | 396.00 | NOTE | |
r-patched-linux-x86_64 | 3.99-0.14 | 28.24 | 90.62 | 118.86 | OK | |
r-release-linux-x86_64 | 3.99-0.14 | 25.44 | 86.80 | 112.24 | OK | |
r-release-macos-arm64 | 3.99-0.14 | 47.00 | OK | |||
r-release-macos-x86_64 | 3.99-0.14 | 82.00 | OK | |||
r-release-windows-x86_64 | 3.99-0.14 | 184.00 | 154.00 | 338.00 | NOTE | |
r-oldrel-macos-arm64 | 3.99-0.14 | 48.00 | OK | |||
r-oldrel-macos-x86_64 | 3.99-0.14 | 85.00 | OK | |||
r-oldrel-windows-ix86+x86_64 | 3.99-0.14 | 55.00 | 151.00 | 206.00 | NOTE |
Version: 3.99-0.14
Check: installed package size
Result: NOTE
installed size is 5.2Mb
sub-directories of 1Mb or more:
exampleData 1.3Mb
libs 2.2Mb
Flavors: r-devel-windows-x86_64, r-release-windows-x86_64, r-oldrel-windows-ix86+x86_64