Last updated on 2024-07-18 00:55:10 CEST.
Flavor | Version | Tinstall | Tcheck | Ttotal | Status | Flags |
---|---|---|---|---|---|---|
r-devel-linux-x86_64-debian-clang | 1.0.4 | 3.68 | 27.00 | 30.68 | OK | |
r-devel-linux-x86_64-debian-gcc | 1.0.4 | 2.68 | 20.66 | 23.34 | OK | |
r-devel-linux-x86_64-fedora-clang | 1.0.4 | 40.41 | NOTE | |||
r-devel-linux-x86_64-fedora-gcc | 1.0.4 | 60.73 | NOTE | |||
r-devel-windows-x86_64 | 1.0.4 | 6.00 | 44.00 | 50.00 | OK | |
r-patched-linux-x86_64 | 1.0.4 | 2.80 | 25.98 | 28.78 | OK | |
r-release-linux-x86_64 | 1.0.4 | 2.63 | 25.89 | 28.52 | OK | |
r-release-macos-arm64 | 1.0.4 | 34.00 | OK | |||
r-release-macos-x86_64 | 1.0.4 | 37.00 | OK | |||
r-release-windows-x86_64 | 1.0.4 | 6.00 | 44.00 | 50.00 | OK | |
r-oldrel-macos-arm64 | 1.0.4 | 24.00 | OK | |||
r-oldrel-macos-x86_64 | 1.0.4 | 37.00 | OK | |||
r-oldrel-windows-x86_64 | 1.0.4 | 7.00 | 47.00 | 54.00 | OK |
Version: 1.0.4
Check: compiled code
Result: NOTE
File ‘XNomial/libs/XNomial.so’:
Found no calls to: ‘R_registerRoutines’, ‘R_useDynamicSymbols’
It is good practice to register native routines and to disable symbol
search.
See ‘Writing portable packages’ in the ‘Writing R Extensions’ manual.
Flavors: r-devel-linux-x86_64-fedora-clang, r-devel-linux-x86_64-fedora-gcc