Last updated on 2023-06-08 08:55:38 CEST.
Flavor | Version | Tinstall | Tcheck | Ttotal | Status | Flags |
---|---|---|---|---|---|---|
r-devel-linux-x86_64-debian-clang | 0.0.1 | 245.21 | 159.96 | 405.17 | NOTE | |
r-devel-linux-x86_64-debian-gcc | 0.0.1 | 226.06 | 134.85 | 360.91 | NOTE | |
r-devel-linux-x86_64-fedora-clang | 0.0.1 | 504.94 | NOTE | |||
r-devel-linux-x86_64-fedora-gcc | 0.0.1 | 646.79 | NOTE | |||
r-devel-windows-x86_64 | 0.0.1 | 201.00 | 172.00 | 373.00 | NOTE | |
r-patched-linux-x86_64 | 0.0.1 | 207.60 | 168.97 | 376.57 | NOTE | |
r-release-linux-x86_64 | 0.0.1 | 182.35 | 172.47 | 354.82 | NOTE | |
r-release-macos-arm64 | 0.0.1 | 164.00 | NOTE | |||
r-release-macos-x86_64 | 0.0.1 | 251.00 | NOTE | |||
r-release-windows-x86_64 | 0.0.1 | 262.00 | 211.00 | 473.00 | NOTE | |
r-oldrel-macos-arm64 | 0.0.1 | 127.00 | NOTE | |||
r-oldrel-macos-x86_64 | 0.0.1 | 233.00 | NOTE | |||
r-oldrel-windows-x86_64 | 0.0.1 | 238.00 | 193.00 | 431.00 | NOTE |
Version: 0.0.1
Check: for GNU extensions in Makefiles
Result: NOTE
GNU make is a SystemRequirements.
Flavors: r-devel-linux-x86_64-debian-clang, r-devel-linux-x86_64-debian-gcc, r-devel-linux-x86_64-fedora-clang, r-devel-linux-x86_64-fedora-gcc, r-devel-windows-x86_64, r-patched-linux-x86_64, r-release-linux-x86_64, r-release-macos-arm64, r-release-macos-x86_64, r-release-windows-x86_64, r-oldrel-macos-arm64, r-oldrel-macos-x86_64, r-oldrel-windows-x86_64
Version: 0.0.1
Check: dependencies in R code
Result: NOTE
Namespace in Imports field not imported from: ‘rstantools’
All declared Imports should be used.
Flavors: r-devel-linux-x86_64-fedora-clang, r-devel-linux-x86_64-fedora-gcc, r-oldrel-macos-arm64, r-oldrel-macos-x86_64
Version: 0.0.1
Check: installed package size
Result: NOTE
installed size is 45.0Mb
sub-directories of 1Mb or more:
libs 44.7Mb
Flavors: r-release-macos-arm64, r-release-macos-x86_64, r-oldrel-macos-arm64, r-oldrel-macos-x86_64