Last updated on 2023-11-28 08:56:45 CET.
Flavor | Version | Tinstall | Tcheck | Ttotal | Status | Flags |
---|---|---|---|---|---|---|
r-devel-linux-x86_64-debian-clang | 1.0.1 | 275.56 | 225.49 | 501.05 | NOTE | |
r-devel-linux-x86_64-debian-gcc | 1.0.1 | 228.71 | 176.90 | 405.61 | NOTE | |
r-devel-linux-x86_64-fedora-clang | 1.0.1 | 628.31 | NOTE | |||
r-devel-linux-x86_64-fedora-gcc | 1.0.1 | 742.55 | NOTE | |||
r-devel-windows-x86_64 | 1.0.1 | 211.00 | 197.00 | 408.00 | NOTE | |
r-patched-linux-x86_64 | 1.0.1 | 243.54 | 236.95 | 480.49 | NOTE | |
r-release-linux-x86_64 | 1.0.1 | 214.04 | 236.25 | 450.29 | NOTE | |
r-release-macos-arm64 | 1.0.1 | 166.00 | NOTE | |||
r-release-macos-x86_64 | 1.0.1 | 262.00 | NOTE | |||
r-release-windows-x86_64 | 1.0.1 | 289.00 | 240.00 | 529.00 | NOTE | |
r-oldrel-macos-arm64 | 1.0.1 | 131.00 | NOTE | |||
r-oldrel-macos-x86_64 | 1.0.1 | 243.00 | NOTE | |||
r-oldrel-windows-x86_64 | 1.0.1 | 256.00 | 227.00 | 483.00 | NOTE |
Version: 1.0.1
Check: for GNU extensions in Makefiles
Result: NOTE
GNU make is a SystemRequirements.
Flavors: r-devel-linux-x86_64-debian-clang, r-devel-linux-x86_64-debian-gcc, r-devel-linux-x86_64-fedora-clang, r-devel-linux-x86_64-fedora-gcc, r-devel-windows-x86_64, r-patched-linux-x86_64, r-release-linux-x86_64, r-release-macos-arm64, r-release-macos-x86_64, r-release-windows-x86_64, r-oldrel-macos-arm64, r-oldrel-macos-x86_64, r-oldrel-windows-x86_64
Version: 1.0.1
Check: dependencies in R code
Result: NOTE
Namespace in Imports field not imported from: ‘rstantools’
All declared Imports should be used.
Flavors: r-devel-linux-x86_64-fedora-clang, r-devel-linux-x86_64-fedora-gcc, r-oldrel-macos-arm64, r-oldrel-macos-x86_64
Version: 1.0.1
Check: installed package size
Result: NOTE
installed size is 43.1Mb
sub-directories of 1Mb or more:
libs 42.8Mb
Flavors: r-release-macos-arm64, r-release-macos-x86_64, r-oldrel-macos-arm64, r-oldrel-macos-x86_64