Last updated on 2023-06-10 00:55:01 CEST.
Flavor | Version | Tinstall | Tcheck | Ttotal | Status | Flags |
---|---|---|---|---|---|---|
r-devel-linux-x86_64-debian-clang | 1.0.1 | 247.16 | 184.19 | 431.35 | NOTE | |
r-devel-linux-x86_64-debian-gcc | 1.0.1 | 230.55 | 146.66 | 377.21 | NOTE | |
r-devel-linux-x86_64-fedora-clang | 1.0.1 | 530.46 | NOTE | |||
r-devel-linux-x86_64-fedora-gcc | 1.0.1 | 650.61 | NOTE | |||
r-devel-windows-x86_64 | 1.0.1 | 209.00 | 178.00 | 387.00 | NOTE | |
r-patched-linux-x86_64 | 1.0.1 | 202.41 | 188.64 | 391.05 | NOTE | |
r-release-linux-x86_64 | 1.0.1 | 183.09 | 187.98 | 371.07 | NOTE | |
r-release-macos-arm64 | 1.0.1 | 166.00 | NOTE | |||
r-release-macos-x86_64 | 1.0.1 | 262.00 | NOTE | |||
r-release-windows-x86_64 | 1.0.1 | 258.00 | 220.00 | 478.00 | NOTE | |
r-oldrel-macos-arm64 | 1.0.1 | 131.00 | NOTE | |||
r-oldrel-macos-x86_64 | 1.0.1 | 243.00 | NOTE | |||
r-oldrel-windows-x86_64 | 1.0.1 | 240.00 | 206.00 | 446.00 | NOTE |
Version: 1.0.1
Check: for GNU extensions in Makefiles
Result: NOTE
GNU make is a SystemRequirements.
Flavors: r-devel-linux-x86_64-debian-clang, r-devel-linux-x86_64-debian-gcc, r-devel-linux-x86_64-fedora-clang, r-devel-linux-x86_64-fedora-gcc, r-devel-windows-x86_64, r-patched-linux-x86_64, r-release-linux-x86_64, r-release-macos-arm64, r-release-macos-x86_64, r-release-windows-x86_64, r-oldrel-macos-arm64, r-oldrel-macos-x86_64, r-oldrel-windows-x86_64
Version: 1.0.1
Check: dependencies in R code
Result: NOTE
Namespace in Imports field not imported from: ‘rstantools’
All declared Imports should be used.
Flavors: r-devel-linux-x86_64-fedora-clang, r-devel-linux-x86_64-fedora-gcc, r-oldrel-macos-arm64, r-oldrel-macos-x86_64
Version: 1.0.1
Check: installed package size
Result: NOTE
installed size is 43.1Mb
sub-directories of 1Mb or more:
libs 42.8Mb
Flavors: r-release-macos-arm64, r-release-macos-x86_64, r-oldrel-macos-arm64, r-oldrel-macos-x86_64