Last updated on 2023-12-08 00:52:13 CET.
Flavor | Version | Tinstall | Tcheck | Ttotal | Status | Flags |
---|---|---|---|---|---|---|
r-devel-linux-x86_64-debian-clang | 1.2 | 6.48 | 66.91 | 73.39 | NOTE | |
r-devel-linux-x86_64-debian-gcc | 1.2 | 5.61 | 51.72 | 57.33 | NOTE | |
r-devel-linux-x86_64-fedora-clang | 1.2 | 92.84 | NOTE | |||
r-devel-linux-x86_64-fedora-gcc | 1.2 | 89.09 | NOTE | |||
r-devel-windows-x86_64 | 1.2 | 8.00 | 75.00 | 83.00 | NOTE | |
r-patched-linux-x86_64 | 1.2 | 6.92 | 66.93 | 73.85 | OK | |
r-release-linux-x86_64 | 1.2 | 7.86 | 65.13 | 72.99 | OK | |
r-release-macos-arm64 | 1.2 | 32.00 | OK | |||
r-release-macos-x86_64 | 1.2 | 51.00 | OK | |||
r-release-windows-x86_64 | 1.2 | 9.00 | 77.00 | 86.00 | OK | |
r-oldrel-macos-arm64 | 1.2 | 31.00 | OK | |||
r-oldrel-macos-x86_64 | 1.2 | 44.00 | OK | |||
r-oldrel-windows-x86_64 | 1.2 | 10.00 | 130.00 | 140.00 | OK |
Version: 1.2
Check: Rd contents
Result: NOTE
Auto-generated content requiring editing in Rd file 'ZIBseq-package.Rd':
\seealso: ‘~~ Optional links to other man pages, e.g. ~~ ~~ \code{\link...’
Flavors: r-devel-linux-x86_64-debian-clang, r-devel-linux-x86_64-debian-gcc, r-devel-linux-x86_64-fedora-clang, r-devel-linux-x86_64-fedora-gcc, r-devel-windows-x86_64