Last updated on 2023-05-28 23:14:14 CEST.
Flavor | Version | Tinstall | Tcheck | Ttotal | Status | Flags |
---|---|---|---|---|---|---|
r-devel-linux-x86_64-debian-clang | 1.0.1 | 14.95 | 227.51 | 242.46 | OK | |
r-devel-linux-x86_64-debian-gcc | 1.0.1 | 10.94 | 173.20 | 184.14 | OK | |
r-devel-linux-x86_64-fedora-clang | 1.0.1 | 296.79 | NOTE | |||
r-devel-linux-x86_64-fedora-gcc | 1.0.1 | 332.22 | NOTE | |||
r-devel-windows-x86_64 | 1.0.1 | 14.00 | 176.00 | 190.00 | OK | |
r-patched-linux-x86_64 | 1.0.1 | 15.01 | 207.97 | 222.98 | OK | |
r-release-linux-x86_64 | 1.0.1 | 10.87 | 218.75 | 229.62 | OK | |
r-release-macos-arm64 | 1.0.1 | 101.00 | OK | |||
r-release-macos-x86_64 | 1.0.1 | 176.00 | OK | |||
r-release-windows-x86_64 | 1.0.1 | 20.00 | 225.00 | 245.00 | OK | |
r-oldrel-macos-arm64 | 1.0.1 | 107.00 | NOTE | |||
r-oldrel-macos-x86_64 | 1.0.1 | 111.00 | NOTE | |||
r-oldrel-windows-x86_64 | 1.0.1 | 20.00 | 216.00 | 236.00 | OK |
Version: 1.0.1
Check: dependencies in R code
Result: NOTE
Namespace in Imports field not imported from: ‘dplyr’
All declared Imports should be used.
Flavors: r-devel-linux-x86_64-fedora-clang, r-devel-linux-x86_64-fedora-gcc, r-oldrel-macos-arm64, r-oldrel-macos-x86_64