CRAN Package Check Results for Package aMNLFA

Last updated on 2024-05-30 09:56:06 CEST.

Flavor Version Tinstall Tcheck Ttotal Status Flags
r-devel-linux-x86_64-debian-clang 1.1.2 6.42 39.37 45.79 NOTE
r-devel-linux-x86_64-debian-gcc 1.1.2 4.31 28.68 32.99 NOTE
r-devel-linux-x86_64-fedora-clang 1.1.2 57.41 NOTE
r-devel-linux-x86_64-fedora-gcc 1.1.2 52.45 NOTE
r-devel-windows-x86_64 1.1.2 6.00 49.00 55.00 NOTE
r-patched-linux-x86_64 1.1.2 3.74 37.15 40.89 NOTE
r-release-linux-x86_64 1.1.2 4.28 37.26 41.54 NOTE
r-release-macos-arm64 1.1.2 20.00 NOTE
r-release-windows-x86_64 1.1.2 8.00 48.00 56.00 NOTE
r-oldrel-macos-arm64 1.1.2 21.00 OK
r-oldrel-macos-x86_64 1.1.2 33.00 OK
r-oldrel-windows-x86_64 1.1.2 8.00 55.00 63.00 OK

Check Details

Version: 1.1.2
Check: Rd files
Result: NOTE checkRd: (-1) aMNLFA.prune.Rd:15: Lost braces in \itemize; \value handles \item{}{} directly checkRd: (-1) aMNLFA.prune.Rd:16: Lost braces in \itemize; \value handles \item{}{} directly checkRd: (-1) aMNLFA.prune.Rd:17: Lost braces in \itemize; \value handles \item{}{} directly checkRd: (-1) aMNLFA.prune.Rd:18: Lost braces in \itemize; \value handles \item{}{} directly checkRd: (-1) aMNLFA.prune.Rd:19: Lost braces in \itemize; \value handles \item{}{} directly checkRd: (-1) aMNLFA.prune.Rd:20: Lost braces in \itemize; \value handles \item{}{} directly checkRd: (-1) aMNLFA.prune.Rd:21: Lost braces in \itemize; \value handles \item{}{} directly checkRd: (-1) aMNLFA.prune.Rd:22: Lost braces in \itemize; \value handles \item{}{} directly Flavors: r-devel-linux-x86_64-debian-clang, r-devel-linux-x86_64-debian-gcc, r-devel-linux-x86_64-fedora-clang, r-devel-linux-x86_64-fedora-gcc, r-devel-windows-x86_64, r-patched-linux-x86_64, r-release-linux-x86_64, r-release-macos-arm64, r-release-windows-x86_64

Version: 1.1.2
Check: dependencies in R code
Result: NOTE Namespaces in Imports field not imported from: ‘devtools’ ‘dplyr’ ‘gridExtra’ All declared Imports should be used. Flavors: r-devel-linux-x86_64-fedora-clang, r-devel-linux-x86_64-fedora-gcc