Last updated on 2024-03-28 23:55:00 CET.
Flavor | Version | Tinstall | Tcheck | Ttotal | Status | Flags |
---|---|---|---|---|---|---|
r-devel-linux-x86_64-debian-clang | 1.0.10 | 41.70 | 405.01 | 446.71 | NOTE | |
r-devel-linux-x86_64-debian-gcc | 1.0.10 | 33.74 | 291.85 | 325.59 | NOTE | |
r-devel-linux-x86_64-fedora-clang | 1.0.10 | 596.71 | NOTE | |||
r-devel-linux-x86_64-fedora-gcc | 1.0.10 | 553.81 | NOTE | |||
r-devel-windows-x86_64 | 1.0.10 | 33.00 | 245.00 | 278.00 | NOTE | |
r-patched-linux-x86_64 | 1.0.10 | 37.06 | 396.45 | 433.51 | NOTE | |
r-release-linux-x86_64 | 1.0.10 | 38.67 | 397.34 | 436.01 | OK | |
r-release-macos-arm64 | 1.0.10 | 103.00 | OK | |||
r-release-macos-x86_64 | 1.0.10 | 207.00 | OK | |||
r-release-windows-x86_64 | 1.0.10 | 48.00 | 347.00 | 395.00 | OK | |
r-oldrel-macos-arm64 | 1.0.10 | 110.00 | OK | |||
r-oldrel-windows-x86_64 | 1.0.10 | 50.00 | 332.00 | 382.00 | OK |
Version: 1.0.10
Check: Rd files
Result: NOTE
checkRd: (-1) get_ex_data.Rd:31-32: Lost braces in \itemize; meant \describe ?
checkRd: (-1) get_ex_data.Rd:33: Lost braces in \itemize; meant \describe ?
checkRd: (-1) get_ex_data.Rd:34-35: Lost braces in \itemize; meant \describe ?
checkRd: (-1) get_ex_data.Rd:36: Lost braces in \itemize; meant \describe ?
checkRd: (-1) tidy_results.Rd:28-29: Lost braces in \itemize; meant \describe ?
checkRd: (-1) tidy_results.Rd:30: Lost braces in \itemize; meant \describe ?
Flavors: r-devel-linux-x86_64-debian-clang, r-devel-linux-x86_64-debian-gcc, r-devel-linux-x86_64-fedora-clang, r-devel-linux-x86_64-fedora-gcc, r-devel-windows-x86_64, r-patched-linux-x86_64