CRAN Package Check Results for Package abn

Last updated on 2022-12-02 09:52:47 CET.

Flavor Version Tinstall Tcheck Ttotal Status Flags
r-devel-linux-x86_64-debian-clang 2.7-1 195.11 188.14 383.25 NOTE
r-devel-linux-x86_64-debian-gcc 2.7-1 153.87 141.70 295.57 NOTE
r-devel-linux-x86_64-fedora-clang 2.7-1 751.27 OK
r-devel-linux-x86_64-fedora-gcc 2.7-1 698.89 OK
r-devel-windows-x86_64 2.7-1 189.00 266.00 455.00 NOTE
r-patched-linux-x86_64 2.7-1 173.84 177.43 351.27 NOTE
r-release-linux-x86_64 2.7-1 165.64 182.09 347.73 NOTE
r-release-macos-arm64 2.7-1 124.00 NOTE
r-release-macos-x86_64 2.7-1 173.00 NOTE
r-release-windows-x86_64 2.7-1 203.00 264.00 467.00 NOTE
r-oldrel-macos-arm64 2.7-1 134.00 NOTE
r-oldrel-macos-x86_64 2.7-1 155.00 NOTE
r-oldrel-windows-ix86+x86_64 2.7-1 500.00 357.00 857.00 NOTE

Check Details

Version: 2.7-1
Check: package dependencies
Result: NOTE
    Package suggested but not available for checking: 'INLA'
Flavors: r-devel-linux-x86_64-debian-clang, r-devel-linux-x86_64-debian-gcc, r-devel-windows-x86_64, r-patched-linux-x86_64, r-release-linux-x86_64, r-release-macos-arm64, r-release-macos-x86_64, r-release-windows-x86_64, r-oldrel-macos-arm64, r-oldrel-macos-x86_64

Version: 2.7-1
Check: installed package size
Result: NOTE
     installed size is 11.4Mb
     sub-directories of 1Mb or more:
     libs 8.4Mb
Flavors: r-release-macos-arm64, r-release-macos-x86_64, r-oldrel-macos-arm64, r-oldrel-macos-x86_64, r-oldrel-windows-ix86+x86_64