Last updated on 2024-03-28 15:49:40 CET.
Flavor | Version | Tinstall | Tcheck | Ttotal | Status | Flags |
---|---|---|---|---|---|---|
r-devel-linux-x86_64-debian-clang | 0.4.1 | 2.84 | 66.47 | 69.31 | OK | |
r-devel-linux-x86_64-debian-gcc | 0.4.1 | 2.71 | 49.62 | 52.33 | OK | |
r-devel-linux-x86_64-fedora-clang | 0.4.1 | 94.81 | NOTE | |||
r-devel-linux-x86_64-fedora-gcc | 0.4.1 | 100.99 | NOTE | |||
r-devel-windows-x86_64 | 0.4.1 | 5.00 | 78.00 | 83.00 | OK | |
r-patched-linux-x86_64 | 0.4.1 | 2.27 | 63.44 | 65.71 | OK | |
r-release-linux-x86_64 | 0.4.1 | 2.60 | 63.27 | 65.87 | OK | |
r-release-macos-arm64 | 0.4.1 | 51.00 | OK | |||
r-release-macos-x86_64 | 0.4.1 | 59.00 | OK | |||
r-release-windows-x86_64 | 0.4.1 | 6.00 | 91.00 | 97.00 | OK | |
r-oldrel-macos-arm64 | 0.4.1 | 34.00 | NOTE | |||
r-oldrel-windows-x86_64 | 0.4.1 | 6.00 | 83.00 | 89.00 | OK |
Version: 0.4.1
Check: dependencies in R code
Result: NOTE
Namespace in Imports field not imported from: ‘tibble’
All declared Imports should be used.
Flavors: r-devel-linux-x86_64-fedora-clang, r-devel-linux-x86_64-fedora-gcc, r-oldrel-macos-arm64