CRAN Package Check Results for Package acc

Last updated on 2021-12-02 08:51:01 CET.

Flavor Version Tinstall Tcheck Ttotal Status Flags
r-devel-linux-x86_64-debian-clang 1.3.3 65.80 77.82 143.62 OK
r-devel-linux-x86_64-debian-gcc 1.3.3 46.72 57.93 104.65 OK
r-devel-linux-x86_64-fedora-clang 1.3.3 211.55 NOTE
r-devel-linux-x86_64-fedora-gcc 1.3.3 181.07 NOTE
r-devel-windows-x86_64-new-UL 1.3.3 91.00 145.00 236.00 OK
r-devel-windows-x86_64-new-TK 1.3.3 OK
r-devel-windows-x86_64-old 1.3.3 91.00 85.00 176.00 OK
r-patched-linux-x86_64 1.3.3 60.13 72.29 132.42 OK
r-patched-solaris-x86 1.3.3 205.30 OK
r-release-linux-x86_64 1.3.3 62.06 72.30 134.36 OK
r-release-macos-arm64 1.3.3 OK
r-release-macos-x86_64 1.3.3 OK
r-release-windows-ix86+x86_64 1.3.3 164.00 140.00 304.00 OK
r-oldrel-macos-x86_64 1.3.3 OK
r-oldrel-windows-ix86+x86_64 1.3.3 163.00 140.00 303.00 OK

Check Details

Version: 1.3.3
Check: compiled code
Result: NOTE
    File ‘acc/libs/acc.so’:
     Found no calls to: ‘R_registerRoutines’, ‘R_useDynamicSymbols’
    
    It is good practice to register native routines and to disable symbol
    search.
    
    See ‘Writing portable packages’ in the ‘Writing R Extensions’ manual.
Flavors: r-devel-linux-x86_64-fedora-clang, r-devel-linux-x86_64-fedora-gcc