CRAN Package Check Results for Package acc

Last updated on 2023-12-03 08:50:00 CET.

Flavor Version Tinstall Tcheck Ttotal Status Flags
r-devel-linux-x86_64-debian-clang 1.3.3 77.42 87.49 164.91 OK
r-devel-linux-x86_64-debian-gcc 1.3.3 50.62 64.52 115.14 OK
r-devel-linux-x86_64-fedora-clang 1.3.3 231.17 NOTE
r-devel-linux-x86_64-fedora-gcc 1.3.3 231.27 NOTE
r-devel-windows-x86_64 1.3.3 61.00 102.00 163.00 OK
r-patched-linux-x86_64 1.3.3 66.66 83.39 150.05 OK
r-release-linux-x86_64 1.3.3 60.02 81.99 142.01 OK
r-release-macos-arm64 1.3.3 59.00 OK
r-release-macos-x86_64 1.3.3 92.00 OK
r-release-windows-x86_64 1.3.3 79.00 120.00 199.00 OK
r-oldrel-macos-arm64 1.3.3 59.00 OK
r-oldrel-macos-x86_64 1.3.3 71.00 OK
r-oldrel-windows-x86_64 1.3.3 73.00 120.00 193.00 OK

Check Details

Version: 1.3.3
Check: compiled code
Result: NOTE File ‘acc/libs/acc.so’: Found no calls to: ‘R_registerRoutines’, ‘R_useDynamicSymbols’ It is good practice to register native routines and to disable symbol search. See ‘Writing portable packages’ in the ‘Writing R Extensions’ manual. Flavors: r-devel-linux-x86_64-fedora-clang, r-devel-linux-x86_64-fedora-gcc