Last updated on 2024-03-28 23:55:00 CET.
Flavor | Version | Tinstall | Tcheck | Ttotal | Status | Flags |
---|---|---|---|---|---|---|
r-devel-linux-x86_64-debian-clang | 1.0.1 | 4.91 | 30.42 | 35.33 | NOTE | |
r-devel-linux-x86_64-debian-gcc | 1.0.1 | 3.42 | 23.28 | 26.70 | NOTE | |
r-devel-linux-x86_64-fedora-clang | 1.0.1 | 42.54 | NOTE | |||
r-devel-linux-x86_64-fedora-gcc | 1.0.1 | 40.99 | NOTE | |||
r-devel-windows-x86_64 | 1.0.1 | 6.00 | 44.00 | 50.00 | NOTE | |
r-patched-linux-x86_64 | 1.0.1 | 3.79 | 28.88 | 32.67 | NOTE | |
r-release-linux-x86_64 | 1.0.1 | 3.49 | 29.96 | 33.45 | NOTE | |
r-release-macos-arm64 | 1.0.1 | 19.00 | NOTE | |||
r-release-macos-x86_64 | 1.0.1 | 25.00 | NOTE | |||
r-release-windows-x86_64 | 1.0.1 | 6.00 | 46.00 | 52.00 | NOTE | |
r-oldrel-macos-arm64 | 1.0.1 | 18.00 | NOTE | |||
r-oldrel-windows-x86_64 | 1.0.1 | 6.00 | 49.00 | 55.00 | NOTE |
Version: 1.0.1
Check: LazyData
Result: NOTE
'LazyData' is specified without a 'data' directory
Flavors: r-devel-linux-x86_64-debian-clang, r-devel-linux-x86_64-debian-gcc, r-devel-linux-x86_64-fedora-clang, r-devel-linux-x86_64-fedora-gcc, r-devel-windows-x86_64, r-patched-linux-x86_64, r-release-linux-x86_64, r-release-macos-arm64, r-release-macos-x86_64, r-release-windows-x86_64, r-oldrel-macos-arm64, r-oldrel-windows-x86_64
Version: 1.0.1
Check: installed package size
Result: NOTE
installed size is 11.7Mb
sub-directories of 1Mb or more:
htmlwidgets 11.6Mb
Flavors: r-devel-linux-x86_64-fedora-clang, r-devel-windows-x86_64, r-release-macos-arm64, r-release-macos-x86_64, r-release-windows-x86_64, r-oldrel-macos-arm64, r-oldrel-windows-x86_64