Last updated on 2023-05-28 23:13:52 CEST.
Flavor | Version | Tinstall | Tcheck | Ttotal | Status | Flags |
---|---|---|---|---|---|---|
r-devel-linux-x86_64-debian-clang | 1.4.1 | 5.29 | 23.59 | 28.88 | OK | |
r-devel-linux-x86_64-debian-gcc | 1.4.1 | 3.29 | 18.81 | 22.10 | OK | |
r-devel-linux-x86_64-fedora-clang | 1.4.1 | 36.28 | NOTE | |||
r-devel-linux-x86_64-fedora-gcc | 1.4.1 | 39.61 | NOTE | |||
r-devel-windows-x86_64 | 1.4.1 | 7.00 | 43.00 | 50.00 | OK | |
r-patched-linux-x86_64 | 1.4.1 | 4.21 | 23.24 | 27.45 | OK | |
r-release-linux-x86_64 | 1.4.1 | 3.67 | 22.74 | 26.41 | OK | |
r-release-macos-arm64 | 1.4.1 | 19.00 | OK | |||
r-release-macos-x86_64 | 1.4.1 | 23.00 | OK | |||
r-release-windows-x86_64 | 1.4.1 | 8.00 | 41.00 | 49.00 | OK | |
r-oldrel-macos-arm64 | 1.4.1 | 22.00 | OK | |||
r-oldrel-macos-x86_64 | 1.4.1 | 23.00 | OK | |||
r-oldrel-windows-x86_64 | 1.4.1 | 8.00 | 46.00 | 54.00 | OK |
Version: 1.4.1
Check: compiled code
Result: NOTE
File ‘acepack/libs/acepack.so’:
Found no calls to: ‘R_registerRoutines’, ‘R_useDynamicSymbols’
It is good practice to register native routines and to disable symbol
search.
See ‘Writing portable packages’ in the ‘Writing R Extensions’ manual.
Flavors: r-devel-linux-x86_64-fedora-clang, r-devel-linux-x86_64-fedora-gcc