Last updated on 2024-04-20 00:55:58 CEST.
Flavor | Version | Tinstall | Tcheck | Ttotal | Status | Flags |
---|---|---|---|---|---|---|
r-devel-linux-x86_64-debian-clang | 2.1.4 | 9.10 | 63.34 | 72.44 | OK | |
r-devel-linux-x86_64-debian-gcc | 2.1.4 | OK | ||||
r-devel-linux-x86_64-fedora-clang | 2.1.4 | 93.95 | NOTE | |||
r-devel-linux-x86_64-fedora-gcc | 2.1.4 | 93.75 | NOTE | |||
r-prerel-macos-arm64 | 2.1.4 | 29.00 | OK | |||
r-prerel-windows-x86_64 | 2.1.4 | 12.00 | 68.00 | 80.00 | OK | |
r-patched-linux-x86_64 | 2.1.4 | 8.73 | 59.73 | 68.46 | OK | |
r-release-linux-x86_64 | 2.1.4 | 8.80 | 62.69 | 71.49 | OK | |
r-release-macos-arm64 | 2.1.4 | 33.00 | OK | |||
r-release-macos-x86_64 | 2.1.4 | 50.00 | OK | |||
r-release-windows-x86_64 | 2.1.4 | 15.00 | 82.00 | 97.00 | OK | |
r-oldrel-macos-arm64 | 2.1.4 | 28.00 | OK | |||
r-oldrel-windows-x86_64 | 2.1.4 | 16.00 | 86.00 | 102.00 | OK |
Version: 2.1.4
Check: top-level files
Result: NOTE
‘configure’: /bin/bash is not portable
Flavors: r-devel-linux-x86_64-fedora-clang, r-devel-linux-x86_64-fedora-gcc