Last updated on 2023-06-10 00:54:38 CEST.
Flavor | Version | Tinstall | Tcheck | Ttotal | Status | Flags |
---|---|---|---|---|---|---|
r-devel-linux-x86_64-debian-clang | 2.1.4 | 11.99 | 62.97 | 74.96 | OK | |
r-devel-linux-x86_64-debian-gcc | 2.1.4 | 7.82 | 48.15 | 55.97 | OK | |
r-devel-linux-x86_64-fedora-clang | 2.1.4 | 95.45 | NOTE | |||
r-devel-linux-x86_64-fedora-gcc | 2.1.4 | 88.93 | NOTE | |||
r-devel-windows-x86_64 | 2.1.4 | 10.00 | 71.00 | 81.00 | OK | |
r-patched-linux-x86_64 | 2.1.4 | 12.14 | 60.44 | 72.58 | OK | |
r-release-linux-x86_64 | 2.1.4 | 12.24 | 59.80 | 72.04 | OK | |
r-release-macos-arm64 | 2.1.4 | 33.00 | OK | |||
r-release-macos-x86_64 | 2.1.4 | 50.00 | OK | |||
r-release-windows-x86_64 | 2.1.4 | 13.00 | 80.00 | 93.00 | OK | |
r-oldrel-macos-arm64 | 2.1.4 | 28.00 | OK | |||
r-oldrel-macos-x86_64 | 2.1.4 | 37.00 | OK | |||
r-oldrel-windows-x86_64 | 2.1.4 | 16.00 | 85.00 | 101.00 | OK |
Version: 2.1.4
Check: top-level files
Result: NOTE
‘configure’: /bin/bash is not portable
Flavors: r-devel-linux-x86_64-fedora-clang, r-devel-linux-x86_64-fedora-gcc