CRAN Package Check Results for Package acs

Last updated on 2021-10-22 04:54:40 CEST.

Flavor Version Tinstall Tcheck Ttotal Status Flags
r-devel-linux-x86_64-debian-clang 2.1.4 10.71 52.15 62.86 OK
r-devel-linux-x86_64-debian-gcc 2.1.4 8.09 40.44 48.53 OK
r-devel-linux-x86_64-fedora-clang 2.1.4 86.59 NOTE
r-devel-linux-x86_64-fedora-gcc 2.1.4 75.92 NOTE
r-devel-windows-x86_64 2.1.4 18.00 73.00 91.00 OK
r-devel-windows-x86_64-gcc10-UCRT 2.1.4 OK
r-patched-linux-x86_64 2.1.4 9.79 51.45 61.24 OK
r-patched-solaris-x86 2.1.4 110.00 OK
r-release-linux-x86_64 2.1.4 8.15 51.51 59.66 OK
r-release-macos-arm64 2.1.4 OK
r-release-macos-x86_64 2.1.4 OK
r-release-windows-ix86+x86_64 2.1.4 15.00 78.00 93.00 OK
r-oldrel-macos-x86_64 2.1.4 OK
r-oldrel-windows-ix86+x86_64 2.1.4 21.00 76.00 97.00 OK

Check Details

Version: 2.1.4
Check: top-level files
Result: NOTE
    ‘configure’: /bin/bash is not portable
Flavors: r-devel-linux-x86_64-fedora-clang, r-devel-linux-x86_64-fedora-gcc