CRAN Package Check Results for Package activegp

Last updated on 2024-02-26 00:50:38 CET.

Flavor Version Tinstall Tcheck Ttotal Status Flags
r-devel-linux-x86_64-debian-clang 1.1.0 65.30 43.54 108.84 NOTE
r-devel-linux-x86_64-debian-gcc 1.1.0 47.44 32.74 80.18 NOTE
r-devel-linux-x86_64-fedora-clang 1.1.0 147.68 NOTE
r-devel-linux-x86_64-fedora-gcc 1.1.0 149.23 NOTE
r-devel-windows-x86_64 1.1.0 48.00 74.00 122.00 NOTE
r-patched-linux-x86_64 1.1.0 61.87 43.17 105.04 OK
r-release-linux-x86_64 1.1.0 69.06 43.39 112.45 OK
r-release-macos-arm64 1.1.0 40.00 OK
r-release-macos-x86_64 1.1.0 62.00 OK
r-release-windows-x86_64 1.1.0 61.00 88.00 149.00 OK
r-oldrel-macos-arm64 1.1.0 40.00 NOTE
r-oldrel-windows-x86_64 1.1.0 58.00 82.00 140.00 OK

Check Details

Version: 1.1.0
Check: Rd \usage sections
Result: NOTE Documented arguments not in \usage in Rd file 'd1.Rd': ‘The’ ‘A’ Functions with \usage entries need to have the appropriate \alias entries, and all their arguments documented. The \usage entries must correspond to syntactically valid R code. See chapter ‘Writing R documentation files’ in the ‘Writing R Extensions’ manual. Flavors: r-devel-linux-x86_64-debian-clang, r-devel-linux-x86_64-debian-gcc, r-devel-linux-x86_64-fedora-clang, r-devel-linux-x86_64-fedora-gcc, r-devel-windows-x86_64

Version: 1.1.0
Check: dependencies in R code
Result: NOTE Namespaces in Imports field not imported from: ‘MASS’ ‘RcppProgress’ All declared Imports should be used. Flavors: r-devel-linux-x86_64-fedora-clang, r-devel-linux-x86_64-fedora-gcc, r-oldrel-macos-arm64