Last updated on 2023-02-04 01:54:10 CET.
Flavor | Version | Tinstall | Tcheck | Ttotal | Status | Flags |
---|---|---|---|---|---|---|
r-devel-linux-x86_64-debian-clang | 0.2.3 | 4.97 | 128.26 | 133.23 | NOTE | |
r-devel-linux-x86_64-debian-gcc | 0.2.3 | 3.91 | 91.01 | 94.92 | NOTE | |
r-devel-linux-x86_64-fedora-clang | 0.2.3 | 163.72 | NOTE | |||
r-devel-linux-x86_64-fedora-gcc | 0.2.3 | 159.09 | NOTE | |||
r-devel-windows-x86_64 | 0.2.3 | 16.00 | 149.00 | 165.00 | NOTE | |
r-patched-linux-x86_64 | 0.2.3 | 5.33 | 121.54 | 126.87 | NOTE | |
r-release-linux-x86_64 | 0.2.3 | 3.66 | 119.62 | 123.28 | NOTE | |
r-release-macos-arm64 | 0.2.3 | 48.00 | NOTE | |||
r-release-macos-x86_64 | 0.2.3 | 164.00 | NOTE | |||
r-release-windows-x86_64 | 0.2.3 | 20.00 | 164.00 | 184.00 | NOTE | |
r-oldrel-macos-arm64 | 0.2.3 | 56.00 | NOTE | |||
r-oldrel-macos-x86_64 | 0.2.3 | 125.00 | NOTE | |||
r-oldrel-windows-ix86+x86_64 | 0.2.3 | 12.00 | 160.00 | 172.00 | NOTE |
Version: 0.2.3
Check: LazyData
Result: NOTE
'LazyData' is specified without a 'data' directory
Flavors: r-devel-linux-x86_64-debian-clang, r-devel-linux-x86_64-debian-gcc, r-devel-linux-x86_64-fedora-clang, r-devel-linux-x86_64-fedora-gcc, r-devel-windows-x86_64, r-patched-linux-x86_64, r-release-linux-x86_64, r-release-macos-arm64, r-release-macos-x86_64, r-release-windows-x86_64, r-oldrel-macos-arm64, r-oldrel-macos-x86_64, r-oldrel-windows-ix86+x86_64
Version: 0.2.3
Check: package dependencies
Result: NOTE
Package suggested but not available for checking: ‘testthat’
Flavor: r-oldrel-macos-x86_64