Last updated on 2024-03-28 23:55:00 CET.
Flavor | Version | Tinstall | Tcheck | Ttotal | Status | Flags |
---|---|---|---|---|---|---|
r-devel-linux-x86_64-debian-clang | 1.0.0 | 4.17 | 269.43 | 273.60 | NOTE | |
r-devel-linux-x86_64-debian-gcc | 1.0.0 | 2.51 | 197.57 | 200.08 | NOTE | |
r-devel-linux-x86_64-fedora-clang | 1.0.0 | 339.49 | NOTE | |||
r-devel-linux-x86_64-fedora-gcc | 1.0.0 | 340.95 | NOTE | |||
r-devel-windows-x86_64 | 1.0.0 | 5.00 | 280.00 | 285.00 | NOTE | |
r-patched-linux-x86_64 | 1.0.0 | 4.62 | 265.11 | 269.73 | NOTE | |
r-release-linux-x86_64 | 1.0.0 | 4.34 | 260.68 | 265.02 | OK | |
r-release-macos-arm64 | 1.0.0 | 156.00 | OK | |||
r-release-macos-x86_64 | 1.0.0 | 265.00 | OK | |||
r-release-windows-x86_64 | 1.0.0 | 4.00 | 293.00 | 297.00 | OK | |
r-oldrel-macos-arm64 | 1.0.0 | 142.00 | OK | |||
r-oldrel-windows-x86_64 | 1.0.0 | 6.00 | 301.00 | 307.00 | OK |
Version: 1.0.0
Check: Rd files
Result: NOTE
checkRd: (-1) adapt.Rd:46: Lost braces
46 | \item{qvals}{a vector of values in [0, 1]U{Inf}. Q-values. See Details}
| ^
checkRd: (-1) corr_lfdr.Rd:22: Lost braces in \itemize; \value handles \item{}{} directly
checkRd: (-1) corr_lfdr.Rd:23: Lost braces in \itemize; \value handles \item{}{} directly
checkRd: (-1) corr_lfdr.Rd:24: Lost braces in \itemize; \value handles \item{}{} directly
checkRd: (-1) corr_lfdr.Rd:25: Lost braces in \itemize; \value handles \item{}{} directly
checkRd: (-1) corr_lfdr.Rd:26: Lost braces in \itemize; \value handles \item{}{} directly
checkRd: (-1) ctgm_lfdr.Rd:32: Lost braces in \itemize; \value handles \item{}{} directly
checkRd: (-1) ctgm_lfdr.Rd:33: Lost braces in \itemize; \value handles \item{}{} directly
checkRd: (-1) plot_2d.Rd:40: Lost braces; missing escapes or markup?
40 | \code{plot_2d_lfdr} gives the contour plot of local FDR estimates when all p-values are equal to \code{targetp}. It is recommended to run \code{plot_2d_lfdr} for multiple \code{targetp}'s ranging from {0.001, 0.005, 0.01, 0.05}.
| ^
Flavors: r-devel-linux-x86_64-debian-clang, r-devel-linux-x86_64-debian-gcc, r-devel-linux-x86_64-fedora-clang, r-devel-linux-x86_64-fedora-gcc, r-devel-windows-x86_64, r-patched-linux-x86_64