CRAN Package Check Results for Package addinsJoaoMelo

Last updated on 2021-10-17 12:52:34 CEST.

Flavor Version Tinstall Tcheck Ttotal Status Flags
r-devel-linux-x86_64-debian-clang 0.1.0 1.79 20.90 22.69 NOTE
r-devel-linux-x86_64-debian-gcc 0.1.0 1.42 16.95 18.37 NOTE
r-devel-linux-x86_64-fedora-clang 0.1.0 37.91 NOTE
r-devel-linux-x86_64-fedora-gcc 0.1.0 29.52 NOTE
r-devel-windows-x86_64 0.1.0 4.00 37.00 41.00 NOTE
r-devel-windows-x86_64-gcc10-UCRT 0.1.0 NOTE
r-patched-linux-x86_64 0.1.0 1.86 20.83 22.69 NOTE
r-patched-solaris-x86 0.1.0 43.40 NOTE
r-release-linux-x86_64 0.1.0 1.83 20.77 22.60 NOTE
r-release-macos-arm64 0.1.0 NOTE
r-release-macos-x86_64 0.1.0 NOTE
r-release-windows-ix86+x86_64 0.1.0 5.00 42.00 47.00 NOTE
r-oldrel-macos-x86_64 0.1.0 OK
r-oldrel-windows-ix86+x86_64 0.1.0 5.00 40.00 45.00 OK

Check Details

Version: 0.1.0
Check: LazyData
Result: NOTE
     'LazyData' is specified without a 'data' directory
Flavors: r-devel-linux-x86_64-debian-clang, r-devel-linux-x86_64-debian-gcc, r-devel-linux-x86_64-fedora-clang, r-devel-linux-x86_64-fedora-gcc, r-devel-windows-x86_64, r-devel-windows-x86_64-gcc10-UCRT, r-patched-linux-x86_64, r-patched-solaris-x86, r-release-linux-x86_64, r-release-macos-arm64, r-release-macos-x86_64, r-release-windows-ix86+x86_64