Last updated on 2024-03-28 15:49:40 CET.
Flavor | Version | Tinstall | Tcheck | Ttotal | Status | Flags |
---|---|---|---|---|---|---|
r-devel-linux-x86_64-debian-clang | 0.0.5 | 11.57 | 120.35 | 131.92 | NOTE | |
r-devel-linux-x86_64-debian-gcc | 0.0.5 | 8.67 | 92.25 | 100.92 | NOTE | |
r-devel-linux-x86_64-fedora-clang | 0.0.5 | 177.82 | NOTE | |||
r-devel-linux-x86_64-fedora-gcc | 0.0.5 | 180.10 | NOTE | |||
r-devel-windows-x86_64 | 0.0.5 | 12.00 | 105.00 | 117.00 | NOTE | |
r-patched-linux-x86_64 | 0.0.5 | 8.20 | 119.06 | 127.26 | NOTE | |
r-release-linux-x86_64 | 0.0.5 | 9.15 | 115.43 | 124.58 | OK | |
r-release-macos-arm64 | 0.0.5 | 62.00 | OK | |||
r-release-macos-x86_64 | 0.0.5 | 105.00 | OK | |||
r-release-windows-x86_64 | 0.0.5 | 12.00 | 130.00 | 142.00 | OK | |
r-oldrel-macos-arm64 | 0.0.5 | 51.00 | OK | |||
r-oldrel-windows-x86_64 | 0.0.5 | 15.00 | 207.00 | 222.00 | OK |
Version: 0.0.5
Check: Rd files
Result: NOTE
checkRd: (-1) additive.Rd:140: Lost braces
140 | \item{gamma}{Increase this beyond 1 to produce smoother models. \code{gamma} multiplies the effective degrees of freedom in the GCV or UBRE/AIC. code{n/gamma} can be viewed as an effective sample size in the GCV score, and this also enables it to be used with REML/ML. Ignored with P-RE/ML or the \code{efs} optimizer. }
| ^
Flavors: r-devel-linux-x86_64-debian-clang, r-devel-linux-x86_64-debian-gcc, r-devel-linux-x86_64-fedora-clang, r-devel-linux-x86_64-fedora-gcc, r-devel-windows-x86_64, r-patched-linux-x86_64