Last updated on 2024-04-25 00:55:47 CEST.
Flavor | Version | Tinstall | Tcheck | Ttotal | Status | Flags |
---|---|---|---|---|---|---|
r-devel-linux-x86_64-debian-clang | 3.0 | 14.78 | 107.03 | 121.81 | NOTE | |
r-devel-linux-x86_64-debian-gcc | 3.0 | 7.99 | 76.58 | 84.57 | NOTE | |
r-devel-linux-x86_64-fedora-clang | 3.0 | 145.18 | NOTE | |||
r-devel-linux-x86_64-fedora-gcc | 3.0 | 143.56 | NOTE | |||
r-devel-windows-x86_64 | 3.0 | 11.00 | 97.00 | 108.00 | NOTE | |
r-patched-linux-x86_64 | 3.0 | 12.86 | 102.06 | 114.92 | NOTE | |
r-release-linux-x86_64 | 3.0 | 10.44 | 105.61 | 116.05 | NOTE | |
r-release-macos-arm64 | 3.0 | 39.00 | NOTE | |||
r-release-windows-x86_64 | 3.0 | 11.00 | 95.00 | 106.00 | NOTE | |
r-oldrel-macos-arm64 | 3.0 | 46.00 | NOTE | |||
r-oldrel-macos-x86_64 | 3.0 | 72.00 | NOTE | |||
r-oldrel-windows-x86_64 | 3.0 | 14.00 | 113.00 | 127.00 | NOTE |
Version: 3.0
Check: LazyData
Result: NOTE
'LazyData' is specified without a 'data' directory
Flavors: r-devel-linux-x86_64-debian-clang, r-devel-linux-x86_64-debian-gcc, r-devel-linux-x86_64-fedora-clang, r-devel-linux-x86_64-fedora-gcc, r-devel-windows-x86_64, r-patched-linux-x86_64, r-release-linux-x86_64, r-release-macos-arm64, r-release-windows-x86_64, r-oldrel-macos-arm64, r-oldrel-macos-x86_64, r-oldrel-windows-x86_64