CRAN Package Check Results for Package adegenet

Last updated on 2021-09-26 04:50:23 CEST.

Flavor Version Tinstall Tcheck Ttotal Status Flags
r-devel-linux-x86_64-debian-clang 2.1.4 43.30 270.76 314.06 OK
r-devel-linux-x86_64-debian-gcc 2.1.4 32.07 198.95 231.02 OK
r-devel-linux-x86_64-fedora-clang 2.1.4 376.24 NOTE
r-devel-linux-x86_64-fedora-gcc 2.1.4 396.23 OK
r-devel-windows-x86_64 2.1.4 46.00 231.00 277.00 OK
r-devel-windows-x86_64-gcc10-UCRT 2.1.4 OK
r-patched-linux-x86_64 2.1.4 45.84 256.16 302.00 OK
r-patched-solaris-x86 2.1.4 527.40 NOTE
r-release-linux-x86_64 2.1.4 33.99 256.46 290.45 OK
r-release-macos-arm64 2.1.4 NOTE
r-release-macos-x86_64 2.1.4 NOTE
r-release-windows-ix86+x86_64 2.1.4 84.00 423.00 507.00 OK
r-oldrel-macos-x86_64 2.1.4 NOTE
r-oldrel-windows-ix86+x86_64 2.1.4 61.00 318.00 379.00 OK

Check Details

Version: 2.1.4
Check: installed package size
Result: NOTE
     installed size is 5.0Mb
     sub-directories of 1Mb or more:
     R 1.3Mb
     data 1.3Mb
     files 1.7Mb
Flavors: r-devel-linux-x86_64-fedora-clang, r-patched-solaris-x86, r-release-macos-arm64, r-release-macos-x86_64, r-oldrel-macos-x86_64